{"id":1921,"date":"2017-03-03T01:00:14","date_gmt":"2017-03-03T00:00:14","guid":{"rendered":"http:\/\/www.guayapi.com\/boutique\/?post_type=product&#038;p=1921"},"modified":"2026-01-02T11:01:31","modified_gmt":"2026-01-02T10:01:31","slug":"camu-camu","status":"publish","type":"product","link":"https:\/\/www.guayapi.com\/boutique\/produit\/camu-camu\/","title":{"rendered":"Camu-Camu"},"content":{"rendered":"<p>De plus en plus mis en avant sur notre continent, le Camu Camu est utilis\u00e9 en Amazonie p\u00e9ruvienne depuis des mill\u00e9naires. La teneur en vitamine C contenue dans la poudre pure de Camu Camu est d&rsquo;environ 10% (10 000mg\/100g). Il est le fruit le plus riche en vitamine C naturelle.<br \/>\nLe Camu Camu riche en vitamine C contribue au fonctionnement normal du syst\u00e8me immunitaire et \u00e0 r\u00e9duire la fatigue. Il est donc un pr\u00e9cieux alli\u00e9 pour traverser la p\u00e9riode hivernale.<\/p>\n<h3>SES SAVEURS<\/h3>\n<p>La bouche est franche. Elle est marqu\u00e9e par une acidit\u00e9 intense qui se fond dans des notes d\u2019agrumes (pamplemousse).<br \/>\nLa touche finale est dot\u00e9e d\u2019une fra\u00eecheur originale.<\/p>\n<p>Le Camu-Camu est particuli\u00e8rement int\u00e9ressant pour enrichir un plat, un dessert de relief et de croquant.<\/p>\n<p>Ce superaliment peut servir de colorant alimentaire naturel pour obtenir des teintes beige ros\u00e9.<\/p>\n<p>Mode d\u2019emploi : 1 cuill\u00e8re \u00e0 caf\u00e9 par jour \u00e0 saupoudrer dans l&rsquo;alimentation ou dans une boisson froide pendant des p\u00e9riodes de 2 \u00e0 3 semaines. Renouvelable.<\/p>\n<p>&nbsp;<\/p>\n<p>INFORMATION NUTRITIONNELLE POUR 100 GRAMMES<\/p>\n<p>Valeur \u00e9nerg\u00e9tique:<br \/>\nKcal 380,1;<br \/>\nKJ 1590<\/p>\n<p>Lipides: 5,15 g;<br \/>\nDont acides gras satur\u00e9s: 1,55 g<\/p>\n<p>Glucides: 76,82;<br \/>\nDont sucres: 1,4 g<\/p>\n<p>Prot\u00e9ines: 6,61 g<\/p>\n<p>Sel: 0,52 g<\/p>\n<p>Vitamine C: 10000 mg (12500 % des VNR*)<\/p>\n<p>*VNR: Valeur Nutritionnelle de R\u00e9f\u00e9rence<\/p>\n<p>&nbsp;<\/p>\n<p>INFORMATION NUTRITIONNELLE PAR PORTION DE 2 GRAMMES (1 CUILL\u00c8RE \u00c0 CAF\u00c9)<\/p>\n<p>Valeur \u00e9nerg\u00e9tique:<br \/>\nKcal 7,6;<br \/>\nKJ 32<\/p>\n<p>Lipides: 0,1g;<br \/>\nDont acides gras satur\u00e9s: 0,03 g<\/p>\n<p>Glucides: 1,52;<br \/>\nDont sucres: 0,03 g<\/p>\n<p>Prot\u00e9ines: 0 g<\/p>\n<p>Sel: 0,01 g<\/p>\n<p>Vitamine C: 200 mg (250 % des VNR*)<\/p>\n<p>*VNR: Valeur Nutritionnelle de R\u00e9f\u00e9rence<\/p>\n<p>&nbsp;<\/p>\n<p><span style=\"font-size: 8pt\"><em>COMPL\u00c9MENT ALIMENTAIRE. TENIR HORS DE PORT\u00c9E DES JEUNES ENFANTS. NE PEUT SE SUBSTITUER \u00c0 UN R\u00c9GIME ALIMENTAIRE VARI\u00c9, NI \u00c0 UN MODE DE VIE SAIN. \u00c0 CONSOMMER DE PR\u00c9F\u00c9RENCE AVANT FIN : VOIR AU FOND DE LA BO\u00ceTE<\/em><\/span><\/p>\n","protected":false},"excerpt":{"rendered":"<p>Camu Camu, le fruit connu le plus riche en Vitamine C !<\/p>\n<p>(396\u20ac\/kg)<\/p>\n","protected":false},"featured_media":43829,"template":"","meta":{"_acf_changed":false},"product_brand":[],"product_cat":[7],"product_tag":[280],"class_list":{"0":"post-1921","1":"product","2":"type-product","3":"status-publish","4":"has-post-thumbnail","6":"product_cat-super-aliments","7":"product_tag-vitamine-c-antioxydants","9":"first","10":"instock","11":"taxable","12":"shipping-taxable","13":"purchasable","14":"product-type-simple"},"acf":[],"yoast_head":"<title>Camu-Camu - Guayapi<\/title>\n<meta name=\"robots\" content=\"index, follow, max-snippet:-1, max-image-preview:large, max-video-preview:-1\" \/>\n<link rel=\"canonical\" href=\"https:\/\/www.guayapi.com\/boutique\/produit\/camu-camu\/\" \/>\n<meta property=\"og:locale\" content=\"fr_FR\" \/>\n<meta property=\"og:type\" content=\"article\" \/>\n<meta property=\"og:title\" content=\"Camu-Camu - Guayapi\" \/>\n<meta property=\"og:description\" content=\"Camu Camu, le fruit connu le plus riche en Vitamine C !  (396\u20ac\/kg)\" \/>\n<meta property=\"og:url\" content=\"https:\/\/www.guayapi.com\/boutique\/produit\/camu-camu\/\" \/>\n<meta property=\"og:site_name\" content=\"Guayapi\" \/>\n<meta property=\"article:modified_time\" content=\"2026-01-02T10:01:31+00:00\" \/>\n<meta property=\"og:image\" content=\"https:\/\/www.guayapi.com\/boutique\/wp-content\/uploads\/2017\/03\/capture-d-ecran-2022-10-20-173054-removebg-preview.png\" \/>\n\t<meta property=\"og:image:width\" content=\"421\" \/>\n\t<meta property=\"og:image:height\" content=\"593\" \/>\n\t<meta property=\"og:image:type\" content=\"image\/png\" \/>\n<meta name=\"twitter:card\" content=\"summary_large_image\" \/>\n<meta name=\"twitter:label1\" content=\"Dur\u00e9e de lecture estim\u00e9e\" \/>\n\t<meta name=\"twitter:data1\" content=\"2 minutes\" \/>\n<script type=\"application\/ld+json\" class=\"yoast-schema-graph\">{\"@context\":\"https:\\\/\\\/schema.org\",\"@graph\":[{\"@type\":\"WebPage\",\"@id\":\"https:\\\/\\\/www.guayapi.com\\\/boutique\\\/produit\\\/camu-camu\\\/\",\"url\":\"https:\\\/\\\/www.guayapi.com\\\/boutique\\\/produit\\\/camu-camu\\\/\",\"name\":\"Camu-Camu - Guayapi\",\"isPartOf\":{\"@id\":\"https:\\\/\\\/www.guayapi.com\\\/boutique\\\/#website\"},\"primaryImageOfPage\":{\"@id\":\"https:\\\/\\\/www.guayapi.com\\\/boutique\\\/produit\\\/camu-camu\\\/#primaryimage\"},\"image\":{\"@id\":\"https:\\\/\\\/www.guayapi.com\\\/boutique\\\/produit\\\/camu-camu\\\/#primaryimage\"},\"thumbnailUrl\":\"https:\\\/\\\/www.guayapi.com\\\/boutique\\\/wp-content\\\/uploads\\\/2017\\\/03\\\/capture-d-ecran-2022-10-20-173054-removebg-preview.png\",\"datePublished\":\"2017-03-03T00:00:14+00:00\",\"dateModified\":\"2026-01-02T10:01:31+00:00\",\"breadcrumb\":{\"@id\":\"https:\\\/\\\/www.guayapi.com\\\/boutique\\\/produit\\\/camu-camu\\\/#breadcrumb\"},\"inLanguage\":\"fr-FR\",\"potentialAction\":[{\"@type\":\"ReadAction\",\"target\":[\"https:\\\/\\\/www.guayapi.com\\\/boutique\\\/produit\\\/camu-camu\\\/\"]}]},{\"@type\":\"ImageObject\",\"inLanguage\":\"fr-FR\",\"@id\":\"https:\\\/\\\/www.guayapi.com\\\/boutique\\\/produit\\\/camu-camu\\\/#primaryimage\",\"url\":\"https:\\\/\\\/www.guayapi.com\\\/boutique\\\/wp-content\\\/uploads\\\/2017\\\/03\\\/capture-d-ecran-2022-10-20-173054-removebg-preview.png\",\"contentUrl\":\"https:\\\/\\\/www.guayapi.com\\\/boutique\\\/wp-content\\\/uploads\\\/2017\\\/03\\\/capture-d-ecran-2022-10-20-173054-removebg-preview.png\",\"width\":421,\"height\":593},{\"@type\":\"BreadcrumbList\",\"@id\":\"https:\\\/\\\/www.guayapi.com\\\/boutique\\\/produit\\\/camu-camu\\\/#breadcrumb\",\"itemListElement\":[{\"@type\":\"ListItem\",\"position\":1,\"name\":\"Accueil\",\"item\":\"https:\\\/\\\/www.guayapi.com\\\/boutique\\\/\"},{\"@type\":\"ListItem\",\"position\":2,\"name\":\"Boutique\",\"item\":\"https:\\\/\\\/www.guayapi.com\\\/boutique\\\/\"},{\"@type\":\"ListItem\",\"position\":3,\"name\":\"Camu-Camu\"}]},{\"@type\":\"WebSite\",\"@id\":\"https:\\\/\\\/www.guayapi.com\\\/boutique\\\/#website\",\"url\":\"https:\\\/\\\/www.guayapi.com\\\/boutique\\\/\",\"name\":\"Guayapi\",\"description\":\"Super-aliments \u2022 \u00c9picerie fine \u2022 Cosm\u00e9tiques\",\"potentialAction\":[{\"@type\":\"SearchAction\",\"target\":{\"@type\":\"EntryPoint\",\"urlTemplate\":\"https:\\\/\\\/www.guayapi.com\\\/boutique\\\/?s={search_term_string}\"},\"query-input\":{\"@type\":\"PropertyValueSpecification\",\"valueRequired\":true,\"valueName\":\"search_term_string\"}}],\"inLanguage\":\"fr-FR\"}]}<\/script>","yoast_head_json":{"title":"Camu-Camu - Guayapi","robots":{"index":"index","follow":"follow","max-snippet":"max-snippet:-1","max-image-preview":"max-image-preview:large","max-video-preview":"max-video-preview:-1"},"canonical":"https:\/\/www.guayapi.com\/boutique\/produit\/camu-camu\/","og_locale":"fr_FR","og_type":"article","og_title":"Camu-Camu - Guayapi","og_description":"Camu Camu, le fruit connu le plus riche en Vitamine C !  (396\u20ac\/kg)","og_url":"https:\/\/www.guayapi.com\/boutique\/produit\/camu-camu\/","og_site_name":"Guayapi","article_modified_time":"2026-01-02T10:01:31+00:00","og_image":[{"width":421,"height":593,"url":"https:\/\/www.guayapi.com\/boutique\/wp-content\/uploads\/2017\/03\/capture-d-ecran-2022-10-20-173054-removebg-preview.png","type":"image\/png"}],"twitter_card":"summary_large_image","twitter_misc":{"Dur\u00e9e de lecture estim\u00e9e":"2 minutes"},"schema":{"@context":"https:\/\/schema.org","@graph":[{"@type":"WebPage","@id":"https:\/\/www.guayapi.com\/boutique\/produit\/camu-camu\/","url":"https:\/\/www.guayapi.com\/boutique\/produit\/camu-camu\/","name":"Camu-Camu - Guayapi","isPartOf":{"@id":"https:\/\/www.guayapi.com\/boutique\/#website"},"primaryImageOfPage":{"@id":"https:\/\/www.guayapi.com\/boutique\/produit\/camu-camu\/#primaryimage"},"image":{"@id":"https:\/\/www.guayapi.com\/boutique\/produit\/camu-camu\/#primaryimage"},"thumbnailUrl":"https:\/\/www.guayapi.com\/boutique\/wp-content\/uploads\/2017\/03\/capture-d-ecran-2022-10-20-173054-removebg-preview.png","datePublished":"2017-03-03T00:00:14+00:00","dateModified":"2026-01-02T10:01:31+00:00","breadcrumb":{"@id":"https:\/\/www.guayapi.com\/boutique\/produit\/camu-camu\/#breadcrumb"},"inLanguage":"fr-FR","potentialAction":[{"@type":"ReadAction","target":["https:\/\/www.guayapi.com\/boutique\/produit\/camu-camu\/"]}]},{"@type":"ImageObject","inLanguage":"fr-FR","@id":"https:\/\/www.guayapi.com\/boutique\/produit\/camu-camu\/#primaryimage","url":"https:\/\/www.guayapi.com\/boutique\/wp-content\/uploads\/2017\/03\/capture-d-ecran-2022-10-20-173054-removebg-preview.png","contentUrl":"https:\/\/www.guayapi.com\/boutique\/wp-content\/uploads\/2017\/03\/capture-d-ecran-2022-10-20-173054-removebg-preview.png","width":421,"height":593},{"@type":"BreadcrumbList","@id":"https:\/\/www.guayapi.com\/boutique\/produit\/camu-camu\/#breadcrumb","itemListElement":[{"@type":"ListItem","position":1,"name":"Accueil","item":"https:\/\/www.guayapi.com\/boutique\/"},{"@type":"ListItem","position":2,"name":"Boutique","item":"https:\/\/www.guayapi.com\/boutique\/"},{"@type":"ListItem","position":3,"name":"Camu-Camu"}]},{"@type":"WebSite","@id":"https:\/\/www.guayapi.com\/boutique\/#website","url":"https:\/\/www.guayapi.com\/boutique\/","name":"Guayapi","description":"Super-aliments \u2022 \u00c9picerie fine \u2022 Cosm\u00e9tiques","potentialAction":[{"@type":"SearchAction","target":{"@type":"EntryPoint","urlTemplate":"https:\/\/www.guayapi.com\/boutique\/?s={search_term_string}"},"query-input":{"@type":"PropertyValueSpecification","valueRequired":true,"valueName":"search_term_string"}}],"inLanguage":"fr-FR"}]}},"_links":{"self":[{"href":"https:\/\/www.guayapi.com\/boutique\/wp-json\/wp\/v2\/product\/1921","targetHints":{"allow":["GET"]}}],"collection":[{"href":"https:\/\/www.guayapi.com\/boutique\/wp-json\/wp\/v2\/product"}],"about":[{"href":"https:\/\/www.guayapi.com\/boutique\/wp-json\/wp\/v2\/types\/product"}],"wp:featuredmedia":[{"embeddable":true,"href":"https:\/\/www.guayapi.com\/boutique\/wp-json\/wp\/v2\/media\/43829"}],"wp:attachment":[{"href":"https:\/\/www.guayapi.com\/boutique\/wp-json\/wp\/v2\/media?parent=1921"}],"wp:term":[{"taxonomy":"product_brand","embeddable":true,"href":"https:\/\/www.guayapi.com\/boutique\/wp-json\/wp\/v2\/product_brand?post=1921"},{"taxonomy":"product_cat","embeddable":true,"href":"https:\/\/www.guayapi.com\/boutique\/wp-json\/wp\/v2\/product_cat?post=1921"},{"taxonomy":"product_tag","embeddable":true,"href":"https:\/\/www.guayapi.com\/boutique\/wp-json\/wp\/v2\/product_tag?post=1921"}],"curies":[{"name":"wp","href":"https:\/\/api.w.org\/{rel}","templated":true}]}}