{"id":2144,"date":"2017-04-13T12:03:16","date_gmt":"2017-04-13T10:03:16","guid":{"rendered":"https:\/\/www.guayapi.com\/boutique\/?post_type=product&#038;p=2144"},"modified":"2026-01-02T14:43:23","modified_gmt":"2026-01-02T13:43:23","slug":"urucum-bixa-orellana-2","status":"publish","type":"product","link":"https:\/\/www.guayapi.com\/boutique\/produit\/urucum-bixa-orellana-2\/","title":{"rendered":"Urucum (Bixa Orellana) Tablettes"},"content":{"rendered":"<p>Riche en bixine en synergie avec le S\u00e9l\u00e9nium, l\u2019Urucum est un anti-oxydant naturel qui contribue au maintien de la peau.<br \/>\nLa bixine s\u2019apparente au b\u00eata carot\u00e8ne : l\u2019Urucum contient 100 fois plus de bixine que la carotte de b\u00eata carot\u00e8ne.<\/p>\n<p>Lorsque les portugais sont arriv\u00e9s sur le territoire br\u00e9silien et ont p\u00e9n\u00e9tr\u00e9 l\u2019Amazonie, ils ont constat\u00e9 que les indiens \u00e9taient enduits d\u2019une poudre rouge afin de se prot\u00e9ger du soleil et des moustiques ! Il s\u2019agissait en fait de l\u2019Urucum. La d\u00e9nomination par les portugais \u00ab les Peaux Rouges \u00bb est issue de cette rencontre.<\/p>\n<p>Mode d\u2019emploi : 3 \u00e0 6 tablettes par jour. \u00c0 avaler ou \u00e0 croquer.<\/p>\n<p>SAVEURS<\/p>\n<p>Des notes de safran et de grains de moutarde tr\u00e8s caract\u00e9ristiques.<\/p>\n<p>INFORMATION NUTRITIONNELLE POUR 100 GRAMMES<\/p>\n<p>Valeur \u00e9nerg\u00e9tique:<br \/>\nKcal 390;<br \/>\nKJ 1649<\/p>\n<p>Lipides: 4,8 g;<br \/>\nDont acides gras satur\u00e9s: 1,47 g<\/p>\n<p>Glucides: 70,7;<br \/>\nDont sucres: 6,3 g<\/p>\n<p>Prot\u00e9ines: 15,9 g<\/p>\n<p>Sel: 0 g<\/p>\n<p>Bixine\/Provitamine A (carot\u00e9no\u00efdes) : 3200mg<br \/>\nS\u00e9l\u00e9nium : 20 \u03bcg (36,36 % des VNR*)<\/p>\n<p>*VNR: Valeur Nutritionnelle de R\u00e9f\u00e9rence<\/p>\n<p>INFORMATION NUTRITIONNELLE PAR PORTION DE 3 TABLETTES (SOIT 1,8 GRAMMES)<\/p>\n<p>Valeur \u00e9nerg\u00e9tique:<br \/>\nKcal 7;<br \/>\nKJ 30<\/p>\n<p>Lipides: 0,09 g;<br \/>\nDont acides gras satur\u00e9s: 0,03 g<\/p>\n<p>Glucides: 1,27;<br \/>\nDont sucres: 0,12 g<\/p>\n<p>Prot\u00e9ines: 0,29 g<\/p>\n<p>Sel: 0 g<\/p>\n<p>Bixine\/Provitamine A (carot\u00e9no\u00efdes) : 58 mg<br \/>\nS\u00e9l\u00e9nium : 0,36 \u03bcg (0,7 % des VNR*)<\/p>\n<p>*VNR: Valeur Nutritionnelle de R\u00e9f\u00e9rence<\/p>\n<p><span style=\"font-size: 8pt\"><em>COMPL\u00c9MENT ALIMENTAIRE. TENIR HORS DE PORT\u00c9E DES JEUNES ENFANTS. NE PEUT SE SUBSTITUER \u00c0 UN R\u00c9GIME ALIMENTAIRE VARI\u00c9, NI \u00c0 UN MODE DE VIE SAIN. \u00c0 CONSOMMER DE PR\u00c9F\u00c9RENCE AVANT FIN : VOIR AU FOND DE LA BO\u00ceTE<\/em><\/span><\/p>\n","protected":false},"excerpt":{"rendered":"<p>\u00ab\u00a0Le soleil de votre peau\u00a0\u00bb<\/p>\n<p>(472,91\u20ac\/kg)<\/p>\n","protected":false},"featured_media":43834,"template":"","meta":{"_acf_changed":false},"product_brand":[],"product_cat":[7],"product_tag":[50],"class_list":{"0":"post-2144","1":"product","2":"type-product","3":"status-publish","4":"has-post-thumbnail","6":"product_cat-super-aliments","7":"product_tag-bronzage-soleil-peau","9":"first","10":"instock","11":"taxable","12":"shipping-taxable","13":"purchasable","14":"product-type-simple"},"acf":[],"yoast_head":"<title>Urucum (Bixa Orellana) Tablettes - Guayapi<\/title>\n<meta name=\"robots\" content=\"index, follow, max-snippet:-1, max-image-preview:large, max-video-preview:-1\" \/>\n<link rel=\"canonical\" href=\"https:\/\/www.guayapi.com\/boutique\/produit\/urucum-bixa-orellana-2\/\" \/>\n<meta property=\"og:locale\" content=\"fr_FR\" \/>\n<meta property=\"og:type\" content=\"article\" \/>\n<meta property=\"og:title\" content=\"Urucum (Bixa Orellana) Tablettes - Guayapi\" \/>\n<meta property=\"og:description\" content=\"&quot;Le soleil de votre peau&quot;  (472,91\u20ac\/kg)\" \/>\n<meta property=\"og:url\" content=\"https:\/\/www.guayapi.com\/boutique\/produit\/urucum-bixa-orellana-2\/\" \/>\n<meta property=\"og:site_name\" content=\"Guayapi\" \/>\n<meta property=\"article:modified_time\" content=\"2026-01-02T13:43:23+00:00\" \/>\n<meta property=\"og:image\" content=\"https:\/\/www.guayapi.com\/boutique\/wp-content\/uploads\/2017\/04\/capture-d-ecran-2022-10-20-174041-removebg-preview.png\" \/>\n\t<meta property=\"og:image:width\" content=\"235\" \/>\n\t<meta property=\"og:image:height\" content=\"334\" \/>\n\t<meta property=\"og:image:type\" content=\"image\/png\" \/>\n<meta name=\"twitter:card\" content=\"summary_large_image\" \/>\n<meta name=\"twitter:label1\" content=\"Dur\u00e9e de lecture estim\u00e9e\" \/>\n\t<meta name=\"twitter:data1\" content=\"2 minutes\" \/>\n<script type=\"application\/ld+json\" class=\"yoast-schema-graph\">{\"@context\":\"https:\\\/\\\/schema.org\",\"@graph\":[{\"@type\":\"WebPage\",\"@id\":\"https:\\\/\\\/www.guayapi.com\\\/boutique\\\/produit\\\/urucum-bixa-orellana-2\\\/\",\"url\":\"https:\\\/\\\/www.guayapi.com\\\/boutique\\\/produit\\\/urucum-bixa-orellana-2\\\/\",\"name\":\"Urucum (Bixa Orellana) Tablettes - Guayapi\",\"isPartOf\":{\"@id\":\"https:\\\/\\\/www.guayapi.com\\\/boutique\\\/#website\"},\"primaryImageOfPage\":{\"@id\":\"https:\\\/\\\/www.guayapi.com\\\/boutique\\\/produit\\\/urucum-bixa-orellana-2\\\/#primaryimage\"},\"image\":{\"@id\":\"https:\\\/\\\/www.guayapi.com\\\/boutique\\\/produit\\\/urucum-bixa-orellana-2\\\/#primaryimage\"},\"thumbnailUrl\":\"https:\\\/\\\/www.guayapi.com\\\/boutique\\\/wp-content\\\/uploads\\\/2017\\\/04\\\/capture-d-ecran-2022-10-20-174041-removebg-preview.png\",\"datePublished\":\"2017-04-13T10:03:16+00:00\",\"dateModified\":\"2026-01-02T13:43:23+00:00\",\"breadcrumb\":{\"@id\":\"https:\\\/\\\/www.guayapi.com\\\/boutique\\\/produit\\\/urucum-bixa-orellana-2\\\/#breadcrumb\"},\"inLanguage\":\"fr-FR\",\"potentialAction\":[{\"@type\":\"ReadAction\",\"target\":[\"https:\\\/\\\/www.guayapi.com\\\/boutique\\\/produit\\\/urucum-bixa-orellana-2\\\/\"]}]},{\"@type\":\"ImageObject\",\"inLanguage\":\"fr-FR\",\"@id\":\"https:\\\/\\\/www.guayapi.com\\\/boutique\\\/produit\\\/urucum-bixa-orellana-2\\\/#primaryimage\",\"url\":\"https:\\\/\\\/www.guayapi.com\\\/boutique\\\/wp-content\\\/uploads\\\/2017\\\/04\\\/capture-d-ecran-2022-10-20-174041-removebg-preview.png\",\"contentUrl\":\"https:\\\/\\\/www.guayapi.com\\\/boutique\\\/wp-content\\\/uploads\\\/2017\\\/04\\\/capture-d-ecran-2022-10-20-174041-removebg-preview.png\",\"width\":235,\"height\":334},{\"@type\":\"BreadcrumbList\",\"@id\":\"https:\\\/\\\/www.guayapi.com\\\/boutique\\\/produit\\\/urucum-bixa-orellana-2\\\/#breadcrumb\",\"itemListElement\":[{\"@type\":\"ListItem\",\"position\":1,\"name\":\"Accueil\",\"item\":\"https:\\\/\\\/www.guayapi.com\\\/boutique\\\/\"},{\"@type\":\"ListItem\",\"position\":2,\"name\":\"Boutique\",\"item\":\"https:\\\/\\\/www.guayapi.com\\\/boutique\\\/\"},{\"@type\":\"ListItem\",\"position\":3,\"name\":\"Urucum (Bixa Orellana) Tablettes\"}]},{\"@type\":\"WebSite\",\"@id\":\"https:\\\/\\\/www.guayapi.com\\\/boutique\\\/#website\",\"url\":\"https:\\\/\\\/www.guayapi.com\\\/boutique\\\/\",\"name\":\"Guayapi\",\"description\":\"Super-aliments \u2022 \u00c9picerie fine \u2022 Cosm\u00e9tiques\",\"potentialAction\":[{\"@type\":\"SearchAction\",\"target\":{\"@type\":\"EntryPoint\",\"urlTemplate\":\"https:\\\/\\\/www.guayapi.com\\\/boutique\\\/?s={search_term_string}\"},\"query-input\":{\"@type\":\"PropertyValueSpecification\",\"valueRequired\":true,\"valueName\":\"search_term_string\"}}],\"inLanguage\":\"fr-FR\"}]}<\/script>","yoast_head_json":{"title":"Urucum (Bixa Orellana) Tablettes - Guayapi","robots":{"index":"index","follow":"follow","max-snippet":"max-snippet:-1","max-image-preview":"max-image-preview:large","max-video-preview":"max-video-preview:-1"},"canonical":"https:\/\/www.guayapi.com\/boutique\/produit\/urucum-bixa-orellana-2\/","og_locale":"fr_FR","og_type":"article","og_title":"Urucum (Bixa Orellana) Tablettes - Guayapi","og_description":"\"Le soleil de votre peau\"  (472,91\u20ac\/kg)","og_url":"https:\/\/www.guayapi.com\/boutique\/produit\/urucum-bixa-orellana-2\/","og_site_name":"Guayapi","article_modified_time":"2026-01-02T13:43:23+00:00","og_image":[{"width":235,"height":334,"url":"https:\/\/www.guayapi.com\/boutique\/wp-content\/uploads\/2017\/04\/capture-d-ecran-2022-10-20-174041-removebg-preview.png","type":"image\/png"}],"twitter_card":"summary_large_image","twitter_misc":{"Dur\u00e9e de lecture estim\u00e9e":"2 minutes"},"schema":{"@context":"https:\/\/schema.org","@graph":[{"@type":"WebPage","@id":"https:\/\/www.guayapi.com\/boutique\/produit\/urucum-bixa-orellana-2\/","url":"https:\/\/www.guayapi.com\/boutique\/produit\/urucum-bixa-orellana-2\/","name":"Urucum (Bixa Orellana) Tablettes - Guayapi","isPartOf":{"@id":"https:\/\/www.guayapi.com\/boutique\/#website"},"primaryImageOfPage":{"@id":"https:\/\/www.guayapi.com\/boutique\/produit\/urucum-bixa-orellana-2\/#primaryimage"},"image":{"@id":"https:\/\/www.guayapi.com\/boutique\/produit\/urucum-bixa-orellana-2\/#primaryimage"},"thumbnailUrl":"https:\/\/www.guayapi.com\/boutique\/wp-content\/uploads\/2017\/04\/capture-d-ecran-2022-10-20-174041-removebg-preview.png","datePublished":"2017-04-13T10:03:16+00:00","dateModified":"2026-01-02T13:43:23+00:00","breadcrumb":{"@id":"https:\/\/www.guayapi.com\/boutique\/produit\/urucum-bixa-orellana-2\/#breadcrumb"},"inLanguage":"fr-FR","potentialAction":[{"@type":"ReadAction","target":["https:\/\/www.guayapi.com\/boutique\/produit\/urucum-bixa-orellana-2\/"]}]},{"@type":"ImageObject","inLanguage":"fr-FR","@id":"https:\/\/www.guayapi.com\/boutique\/produit\/urucum-bixa-orellana-2\/#primaryimage","url":"https:\/\/www.guayapi.com\/boutique\/wp-content\/uploads\/2017\/04\/capture-d-ecran-2022-10-20-174041-removebg-preview.png","contentUrl":"https:\/\/www.guayapi.com\/boutique\/wp-content\/uploads\/2017\/04\/capture-d-ecran-2022-10-20-174041-removebg-preview.png","width":235,"height":334},{"@type":"BreadcrumbList","@id":"https:\/\/www.guayapi.com\/boutique\/produit\/urucum-bixa-orellana-2\/#breadcrumb","itemListElement":[{"@type":"ListItem","position":1,"name":"Accueil","item":"https:\/\/www.guayapi.com\/boutique\/"},{"@type":"ListItem","position":2,"name":"Boutique","item":"https:\/\/www.guayapi.com\/boutique\/"},{"@type":"ListItem","position":3,"name":"Urucum (Bixa Orellana) Tablettes"}]},{"@type":"WebSite","@id":"https:\/\/www.guayapi.com\/boutique\/#website","url":"https:\/\/www.guayapi.com\/boutique\/","name":"Guayapi","description":"Super-aliments \u2022 \u00c9picerie fine \u2022 Cosm\u00e9tiques","potentialAction":[{"@type":"SearchAction","target":{"@type":"EntryPoint","urlTemplate":"https:\/\/www.guayapi.com\/boutique\/?s={search_term_string}"},"query-input":{"@type":"PropertyValueSpecification","valueRequired":true,"valueName":"search_term_string"}}],"inLanguage":"fr-FR"}]}},"_links":{"self":[{"href":"https:\/\/www.guayapi.com\/boutique\/wp-json\/wp\/v2\/product\/2144","targetHints":{"allow":["GET"]}}],"collection":[{"href":"https:\/\/www.guayapi.com\/boutique\/wp-json\/wp\/v2\/product"}],"about":[{"href":"https:\/\/www.guayapi.com\/boutique\/wp-json\/wp\/v2\/types\/product"}],"wp:featuredmedia":[{"embeddable":true,"href":"https:\/\/www.guayapi.com\/boutique\/wp-json\/wp\/v2\/media\/43834"}],"wp:attachment":[{"href":"https:\/\/www.guayapi.com\/boutique\/wp-json\/wp\/v2\/media?parent=2144"}],"wp:term":[{"taxonomy":"product_brand","embeddable":true,"href":"https:\/\/www.guayapi.com\/boutique\/wp-json\/wp\/v2\/product_brand?post=2144"},{"taxonomy":"product_cat","embeddable":true,"href":"https:\/\/www.guayapi.com\/boutique\/wp-json\/wp\/v2\/product_cat?post=2144"},{"taxonomy":"product_tag","embeddable":true,"href":"https:\/\/www.guayapi.com\/boutique\/wp-json\/wp\/v2\/product_tag?post=2144"}],"curies":[{"name":"wp","href":"https:\/\/api.w.org\/{rel}","templated":true}]}}