{"id":2193,"date":"2017-04-13T15:11:34","date_gmt":"2017-04-13T13:11:34","guid":{"rendered":"https:\/\/www.guayapi.com\/boutique\/?post_type=product&#038;p=2193"},"modified":"2026-01-02T13:42:14","modified_gmt":"2026-01-02T12:42:14","slug":"pastilles-a-sucer-warana-guarana-terres-dorigine","status":"publish","type":"product","link":"https:\/\/www.guayapi.com\/boutique\/produit\/pastilles-a-sucer-warana-guarana-terres-dorigine\/","title":{"rendered":"Pastilles \u00e0 sucer Warana (Guarana des Terres d&rsquo;Origine) 1 achet\u00e9 = 1 offert"},"content":{"rendered":"<p>\u00ab La tisane \u00e0 sucer \u00bb<br \/>\nLe second ma\u00eetre Roland Chabanol, agriculteur bio depuis 1999, et sa compagne Nathalie Sommet, cherchant un palliatif \u00e0 la cigarette, ont invent\u00e9 la pastille bonbon-tisane BioPastille. Guayapi et Bioforez unissent aujourd\u2019hui leurs savoirs pour vous proposer ces tisanes \u00e0 sucer.<br \/>\nConseils d\u2019utilisation : \u00e0 consommer tout au long de la journ\u00e9e, l\u2019association du citron et du Warana vous procurera fra\u00eecheur et vous aidera \u00e0 affronter une baisse du tonus passag\u00e8re. Le Warana est un dynamisant physique et intellectuel A consommer sans mod\u00e9ration (une pastille \u00e9quivaut \u00e0 moins d\u2019une calorie).<\/p>\n<p>INFORMATIONS NUTRITIONNELLES POUR 1 COMPRIME:<\/p>\n<p>Valeur \u00e9nerg\u00e9tique:<br \/>\nKcal 0<br \/>\nKJ 0<\/p>\n<p>Contient des quantit\u00e9s n\u00e9gligeables de Lipide, d&rsquo;acide gras satur\u00e9, de Glucide, de sucre, de prot\u00e9ine et de sel<\/p>\n<p>&nbsp;<\/p>\n<p><span style=\"font-size: 8pt\"><em>PRODUIT ALIMENTAIRE. NE PEUT SE SUBSTITUER \u00c0 UN R\u00c9GIME ALIMENTAIRE VARI\u00c9, NI \u00c0 UN MODE DE VIE SAIN.<\/em><\/span><\/p>\n","protected":false},"excerpt":{"rendered":"<p>DDM (DLUO) : 09\/2022<\/p>\n<p>Le produit est encore bon \u00e0 consommer : b\u00e9n\u00e9ficiez de la promo : 1 achet\u00e9 = 1 offert<\/p>\n<p>En 2019 les DLUO furent d\u00e9finitivement supprim\u00e9es et remplac\u00e9es par les DDM dans le cadre de la lutte contre le gaspillage alimentaire : <a href=\"https:\/\/www.service-public.fr\/particuliers\/vosdroits\/F10990\">https:\/\/www.service-public.fr\/particuliers\/vosdroits\/F10990<\/a><\/p>\n<p>Les produits en DDM pass\u00e9es peuvent donc non seulement \u00eatre consomm\u00e9s (ils peuvent simplement avoir perdu l\u00e9g\u00e8rement en qualit\u00e9 organoleptique)\u00a0 mais aussi VENDUS dans le commerce. Faites valoir vos droits et sensibilisez vos commer\u00e7ants \u00e0 votre \u00e9chelle gr\u00e2ce \u00e0 l&rsquo;action anti-gaspi !<\/p>\n<p>(473,33\u20ac\/kg)<\/p>\n","protected":false},"featured_media":11471,"template":"","meta":{"_acf_changed":false},"product_brand":[],"product_cat":[9],"product_tag":[47],"class_list":{"0":"post-2193","1":"product","2":"type-product","3":"status-publish","4":"has-post-thumbnail","6":"product_cat-epicerie-fine","7":"product_tag-tonus-energie","9":"first","10":"outofstock","11":"taxable","12":"shipping-taxable","13":"purchasable","14":"product-type-simple"},"acf":[],"yoast_head":"<title>Pastilles \u00e0 sucer Warana (Guarana des Terres d&#039;Origine) 1 achet\u00e9 = 1 offert - Guayapi<\/title>\n<meta name=\"robots\" content=\"index, follow, max-snippet:-1, max-image-preview:large, max-video-preview:-1\" \/>\n<link rel=\"canonical\" href=\"https:\/\/www.guayapi.com\/boutique\/produit\/pastilles-a-sucer-warana-guarana-terres-dorigine\/\" \/>\n<meta property=\"og:locale\" content=\"fr_FR\" \/>\n<meta property=\"og:type\" content=\"article\" \/>\n<meta property=\"og:title\" content=\"Pastilles \u00e0 sucer Warana (Guarana des Terres d&#039;Origine) 1 achet\u00e9 = 1 offert - Guayapi\" \/>\n<meta property=\"og:description\" content=\"DDM (DLUO) : 09\/2022  Le produit est encore bon \u00e0 consommer : b\u00e9n\u00e9ficiez de la promo : 1 achet\u00e9 = 1 offert  En 2019 les DLUO furent d\u00e9finitivement supprim\u00e9es et remplac\u00e9es par les DDM dans le cadre de la lutte contre le gaspillage alimentaire : https:\/\/www.service-public.fr\/particuliers\/vosdroits\/F10990  Les produits en DDM pass\u00e9es peuvent donc non seulement \u00eatre consomm\u00e9s (ils peuvent simplement avoir perdu l\u00e9g\u00e8rement en qualit\u00e9 organoleptique)\u00a0 mais aussi VENDUS dans le commerce. Faites valoir vos droits et sensibilisez vos commer\u00e7ants \u00e0 votre \u00e9chelle gr\u00e2ce \u00e0 l&#039;action anti-gaspi !  (473,33\u20ac\/kg)\" \/>\n<meta property=\"og:url\" content=\"https:\/\/www.guayapi.com\/boutique\/produit\/pastilles-a-sucer-warana-guarana-terres-dorigine\/\" \/>\n<meta property=\"og:site_name\" content=\"Guayapi\" \/>\n<meta property=\"article:modified_time\" content=\"2026-01-02T12:42:14+00:00\" \/>\n<meta property=\"og:image\" content=\"https:\/\/www.guayapi.com\/boutique\/wp-content\/uploads\/2017\/04\/17-removebg-preview.png\" \/>\n\t<meta property=\"og:image:width\" content=\"433\" \/>\n\t<meta property=\"og:image:height\" content=\"577\" \/>\n\t<meta property=\"og:image:type\" content=\"image\/png\" \/>\n<meta name=\"twitter:card\" content=\"summary_large_image\" \/>\n<meta name=\"twitter:label1\" content=\"Dur\u00e9e de lecture estim\u00e9e\" \/>\n\t<meta name=\"twitter:data1\" content=\"1 minute\" \/>\n<script type=\"application\/ld+json\" class=\"yoast-schema-graph\">{\"@context\":\"https:\\\/\\\/schema.org\",\"@graph\":[{\"@type\":\"WebPage\",\"@id\":\"https:\\\/\\\/www.guayapi.com\\\/boutique\\\/produit\\\/pastilles-a-sucer-warana-guarana-terres-dorigine\\\/\",\"url\":\"https:\\\/\\\/www.guayapi.com\\\/boutique\\\/produit\\\/pastilles-a-sucer-warana-guarana-terres-dorigine\\\/\",\"name\":\"Pastilles \u00e0 sucer Warana (Guarana des Terres d'Origine) 1 achet\u00e9 = 1 offert - Guayapi\",\"isPartOf\":{\"@id\":\"https:\\\/\\\/www.guayapi.com\\\/boutique\\\/#website\"},\"primaryImageOfPage\":{\"@id\":\"https:\\\/\\\/www.guayapi.com\\\/boutique\\\/produit\\\/pastilles-a-sucer-warana-guarana-terres-dorigine\\\/#primaryimage\"},\"image\":{\"@id\":\"https:\\\/\\\/www.guayapi.com\\\/boutique\\\/produit\\\/pastilles-a-sucer-warana-guarana-terres-dorigine\\\/#primaryimage\"},\"thumbnailUrl\":\"https:\\\/\\\/www.guayapi.com\\\/boutique\\\/wp-content\\\/uploads\\\/2017\\\/04\\\/17-removebg-preview.png\",\"datePublished\":\"2017-04-13T13:11:34+00:00\",\"dateModified\":\"2026-01-02T12:42:14+00:00\",\"breadcrumb\":{\"@id\":\"https:\\\/\\\/www.guayapi.com\\\/boutique\\\/produit\\\/pastilles-a-sucer-warana-guarana-terres-dorigine\\\/#breadcrumb\"},\"inLanguage\":\"fr-FR\",\"potentialAction\":[{\"@type\":\"ReadAction\",\"target\":[\"https:\\\/\\\/www.guayapi.com\\\/boutique\\\/produit\\\/pastilles-a-sucer-warana-guarana-terres-dorigine\\\/\"]}]},{\"@type\":\"ImageObject\",\"inLanguage\":\"fr-FR\",\"@id\":\"https:\\\/\\\/www.guayapi.com\\\/boutique\\\/produit\\\/pastilles-a-sucer-warana-guarana-terres-dorigine\\\/#primaryimage\",\"url\":\"https:\\\/\\\/www.guayapi.com\\\/boutique\\\/wp-content\\\/uploads\\\/2017\\\/04\\\/17-removebg-preview.png\",\"contentUrl\":\"https:\\\/\\\/www.guayapi.com\\\/boutique\\\/wp-content\\\/uploads\\\/2017\\\/04\\\/17-removebg-preview.png\",\"width\":433,\"height\":577},{\"@type\":\"BreadcrumbList\",\"@id\":\"https:\\\/\\\/www.guayapi.com\\\/boutique\\\/produit\\\/pastilles-a-sucer-warana-guarana-terres-dorigine\\\/#breadcrumb\",\"itemListElement\":[{\"@type\":\"ListItem\",\"position\":1,\"name\":\"Accueil\",\"item\":\"https:\\\/\\\/www.guayapi.com\\\/boutique\\\/\"},{\"@type\":\"ListItem\",\"position\":2,\"name\":\"Boutique\",\"item\":\"https:\\\/\\\/www.guayapi.com\\\/boutique\\\/\"},{\"@type\":\"ListItem\",\"position\":3,\"name\":\"Pastilles \u00e0 sucer Warana (Guarana des Terres d&rsquo;Origine) 1 achet\u00e9 = 1 offert\"}]},{\"@type\":\"WebSite\",\"@id\":\"https:\\\/\\\/www.guayapi.com\\\/boutique\\\/#website\",\"url\":\"https:\\\/\\\/www.guayapi.com\\\/boutique\\\/\",\"name\":\"Guayapi\",\"description\":\"Super-aliments \u2022 \u00c9picerie fine \u2022 Cosm\u00e9tiques\",\"potentialAction\":[{\"@type\":\"SearchAction\",\"target\":{\"@type\":\"EntryPoint\",\"urlTemplate\":\"https:\\\/\\\/www.guayapi.com\\\/boutique\\\/?s={search_term_string}\"},\"query-input\":{\"@type\":\"PropertyValueSpecification\",\"valueRequired\":true,\"valueName\":\"search_term_string\"}}],\"inLanguage\":\"fr-FR\"}]}<\/script>","yoast_head_json":{"title":"Pastilles \u00e0 sucer Warana (Guarana des Terres d'Origine) 1 achet\u00e9 = 1 offert - Guayapi","robots":{"index":"index","follow":"follow","max-snippet":"max-snippet:-1","max-image-preview":"max-image-preview:large","max-video-preview":"max-video-preview:-1"},"canonical":"https:\/\/www.guayapi.com\/boutique\/produit\/pastilles-a-sucer-warana-guarana-terres-dorigine\/","og_locale":"fr_FR","og_type":"article","og_title":"Pastilles \u00e0 sucer Warana (Guarana des Terres d'Origine) 1 achet\u00e9 = 1 offert - Guayapi","og_description":"DDM (DLUO) : 09\/2022  Le produit est encore bon \u00e0 consommer : b\u00e9n\u00e9ficiez de la promo : 1 achet\u00e9 = 1 offert  En 2019 les DLUO furent d\u00e9finitivement supprim\u00e9es et remplac\u00e9es par les DDM dans le cadre de la lutte contre le gaspillage alimentaire : https:\/\/www.service-public.fr\/particuliers\/vosdroits\/F10990  Les produits en DDM pass\u00e9es peuvent donc non seulement \u00eatre consomm\u00e9s (ils peuvent simplement avoir perdu l\u00e9g\u00e8rement en qualit\u00e9 organoleptique)\u00a0 mais aussi VENDUS dans le commerce. Faites valoir vos droits et sensibilisez vos commer\u00e7ants \u00e0 votre \u00e9chelle gr\u00e2ce \u00e0 l'action anti-gaspi !  (473,33\u20ac\/kg)","og_url":"https:\/\/www.guayapi.com\/boutique\/produit\/pastilles-a-sucer-warana-guarana-terres-dorigine\/","og_site_name":"Guayapi","article_modified_time":"2026-01-02T12:42:14+00:00","og_image":[{"width":433,"height":577,"url":"https:\/\/www.guayapi.com\/boutique\/wp-content\/uploads\/2017\/04\/17-removebg-preview.png","type":"image\/png"}],"twitter_card":"summary_large_image","twitter_misc":{"Dur\u00e9e de lecture estim\u00e9e":"1 minute"},"schema":{"@context":"https:\/\/schema.org","@graph":[{"@type":"WebPage","@id":"https:\/\/www.guayapi.com\/boutique\/produit\/pastilles-a-sucer-warana-guarana-terres-dorigine\/","url":"https:\/\/www.guayapi.com\/boutique\/produit\/pastilles-a-sucer-warana-guarana-terres-dorigine\/","name":"Pastilles \u00e0 sucer Warana (Guarana des Terres d'Origine) 1 achet\u00e9 = 1 offert - Guayapi","isPartOf":{"@id":"https:\/\/www.guayapi.com\/boutique\/#website"},"primaryImageOfPage":{"@id":"https:\/\/www.guayapi.com\/boutique\/produit\/pastilles-a-sucer-warana-guarana-terres-dorigine\/#primaryimage"},"image":{"@id":"https:\/\/www.guayapi.com\/boutique\/produit\/pastilles-a-sucer-warana-guarana-terres-dorigine\/#primaryimage"},"thumbnailUrl":"https:\/\/www.guayapi.com\/boutique\/wp-content\/uploads\/2017\/04\/17-removebg-preview.png","datePublished":"2017-04-13T13:11:34+00:00","dateModified":"2026-01-02T12:42:14+00:00","breadcrumb":{"@id":"https:\/\/www.guayapi.com\/boutique\/produit\/pastilles-a-sucer-warana-guarana-terres-dorigine\/#breadcrumb"},"inLanguage":"fr-FR","potentialAction":[{"@type":"ReadAction","target":["https:\/\/www.guayapi.com\/boutique\/produit\/pastilles-a-sucer-warana-guarana-terres-dorigine\/"]}]},{"@type":"ImageObject","inLanguage":"fr-FR","@id":"https:\/\/www.guayapi.com\/boutique\/produit\/pastilles-a-sucer-warana-guarana-terres-dorigine\/#primaryimage","url":"https:\/\/www.guayapi.com\/boutique\/wp-content\/uploads\/2017\/04\/17-removebg-preview.png","contentUrl":"https:\/\/www.guayapi.com\/boutique\/wp-content\/uploads\/2017\/04\/17-removebg-preview.png","width":433,"height":577},{"@type":"BreadcrumbList","@id":"https:\/\/www.guayapi.com\/boutique\/produit\/pastilles-a-sucer-warana-guarana-terres-dorigine\/#breadcrumb","itemListElement":[{"@type":"ListItem","position":1,"name":"Accueil","item":"https:\/\/www.guayapi.com\/boutique\/"},{"@type":"ListItem","position":2,"name":"Boutique","item":"https:\/\/www.guayapi.com\/boutique\/"},{"@type":"ListItem","position":3,"name":"Pastilles \u00e0 sucer Warana (Guarana des Terres d&rsquo;Origine) 1 achet\u00e9 = 1 offert"}]},{"@type":"WebSite","@id":"https:\/\/www.guayapi.com\/boutique\/#website","url":"https:\/\/www.guayapi.com\/boutique\/","name":"Guayapi","description":"Super-aliments \u2022 \u00c9picerie fine \u2022 Cosm\u00e9tiques","potentialAction":[{"@type":"SearchAction","target":{"@type":"EntryPoint","urlTemplate":"https:\/\/www.guayapi.com\/boutique\/?s={search_term_string}"},"query-input":{"@type":"PropertyValueSpecification","valueRequired":true,"valueName":"search_term_string"}}],"inLanguage":"fr-FR"}]}},"_links":{"self":[{"href":"https:\/\/www.guayapi.com\/boutique\/wp-json\/wp\/v2\/product\/2193","targetHints":{"allow":["GET"]}}],"collection":[{"href":"https:\/\/www.guayapi.com\/boutique\/wp-json\/wp\/v2\/product"}],"about":[{"href":"https:\/\/www.guayapi.com\/boutique\/wp-json\/wp\/v2\/types\/product"}],"wp:featuredmedia":[{"embeddable":true,"href":"https:\/\/www.guayapi.com\/boutique\/wp-json\/wp\/v2\/media\/11471"}],"wp:attachment":[{"href":"https:\/\/www.guayapi.com\/boutique\/wp-json\/wp\/v2\/media?parent=2193"}],"wp:term":[{"taxonomy":"product_brand","embeddable":true,"href":"https:\/\/www.guayapi.com\/boutique\/wp-json\/wp\/v2\/product_brand?post=2193"},{"taxonomy":"product_cat","embeddable":true,"href":"https:\/\/www.guayapi.com\/boutique\/wp-json\/wp\/v2\/product_cat?post=2193"},{"taxonomy":"product_tag","embeddable":true,"href":"https:\/\/www.guayapi.com\/boutique\/wp-json\/wp\/v2\/product_tag?post=2193"}],"curies":[{"name":"wp","href":"https:\/\/api.w.org\/{rel}","templated":true}]}}