{"id":2218,"date":"2017-04-13T17:46:43","date_gmt":"2017-04-13T15:46:43","guid":{"rendered":"https:\/\/www.guayapi.com\/boutique\/?post_type=product&#038;p=2218"},"modified":"2026-01-02T14:01:30","modified_gmt":"2026-01-02T13:01:30","slug":"sublimateur-de-teint","status":"publish","type":"product","link":"https:\/\/www.guayapi.com\/boutique\/produit\/sublimateur-de-teint\/","title":{"rendered":"Sublimateur de Teint \u00e0 l&rsquo;Urucum"},"content":{"rendered":"<p>\u00ab Pour une peau \u00e9clatante et h\u00e2l\u00e9e \u00bb<br \/>\nOnctueuse avec sa teinte douce, cette cr\u00e8me matinale donne un aspect soyeux et lumineux \u00e0 la peau. Soin et maquillage naturel \u00e0 la fois, elle nourrit, raffermit et hydrate tous les types de peau.<br \/>\nPrincipaux composants : (\u00e0 base de plantes amazoniennes exclusivement), Urucum, huile de cocos nucif\u00e9ra, huile d\u2019Andiroba, baume de Copaiba, parfum d\u2019huiles essentielles.<br \/>\nConseils d\u2019utilisation : s\u2019utilise en cr\u00e8me matinale ou en retouches maquillage dans la journ\u00e9e. Compl\u00e9ter avec la poudre d\u2019Urucum sur les parties saillantes du visage pour donner du relief au maquillage. Ce produit \u00e9tant tr\u00e8s concentr\u00e9, une goutte suffit.<\/p>\n","protected":false},"excerpt":{"rendered":"<p>\u00ab Pour une peau \u00e9clatante et h\u00e2l\u00e9e \u00bb<br \/>\nOnctueuse avec sa teinte douce, cette cr\u00e8me matinale donne un aspect soyeux et lumineux \u00e0 la peau. Soin et maquillage naturel \u00e0 la fois, elle nourrit, raffermit et hydrate tous les types de peau.<br \/>\nPrincipaux composants : (\u00e0 base de plantes amazoniennes exclusivement), Urucum, huile de cocos nucif\u00e9ra, huile d\u2019Andiroba, baume de Copaiba, parfum d\u2019huiles essentielles.<br \/>\nConseils d\u2019utilisation : s\u2019utilise en cr\u00e8me matinale ou en retouches maquillage dans la journ\u00e9e. Compl\u00e9ter avec la poudre d\u2019Urucum sur les parties saillantes du visage pour donner du relief au maquillage. Ce produit \u00e9tant tr\u00e8s concentr\u00e9, une goutte suffit.<\/p>\n<p>(1.493,33\u20ac\/L)<\/p>\n","protected":false},"featured_media":43846,"template":"","meta":{"_acf_changed":false},"product_brand":[],"product_cat":[16],"product_tag":[50,446],"class_list":{"0":"post-2218","1":"product","2":"type-product","3":"status-publish","4":"has-post-thumbnail","6":"product_cat-cosmetiques","7":"product_tag-bronzage-soleil-peau","8":"product_tag-beaute","10":"first","11":"instock","12":"taxable","13":"shipping-taxable","14":"purchasable","15":"product-type-simple"},"acf":[],"yoast_head":"<title>Sublimateur de Teint \u00e0 l&#039;Urucum - Guayapi<\/title>\n<meta name=\"robots\" content=\"index, follow, max-snippet:-1, max-image-preview:large, max-video-preview:-1\" \/>\n<link rel=\"canonical\" href=\"https:\/\/www.guayapi.com\/boutique\/produit\/sublimateur-de-teint\/\" \/>\n<meta property=\"og:locale\" content=\"fr_FR\" \/>\n<meta property=\"og:type\" content=\"article\" \/>\n<meta property=\"og:title\" content=\"Sublimateur de Teint \u00e0 l&#039;Urucum - Guayapi\" \/>\n<meta property=\"og:description\" content=\"\u00ab Pour une peau \u00e9clatante et h\u00e2l\u00e9e \u00bb Onctueuse avec sa teinte douce, cette cr\u00e8me matinale donne un aspect soyeux et lumineux \u00e0 la peau. Soin et maquillage naturel \u00e0 la fois, elle nourrit, raffermit et hydrate tous les types de peau. Principaux composants : (\u00e0 base de plantes amazoniennes exclusivement), Urucum, huile de cocos nucif\u00e9ra, huile d\u2019Andiroba, baume de Copaiba, parfum d\u2019huiles essentielles. Conseils d\u2019utilisation : s\u2019utilise en cr\u00e8me matinale ou en retouches maquillage dans la journ\u00e9e. Compl\u00e9ter avec la poudre d\u2019Urucum sur les parties saillantes du visage pour donner du relief au maquillage. Ce produit \u00e9tant tr\u00e8s concentr\u00e9, une goutte suffit.  (1.493,33\u20ac\/L)\" \/>\n<meta property=\"og:url\" content=\"https:\/\/www.guayapi.com\/boutique\/produit\/sublimateur-de-teint\/\" \/>\n<meta property=\"og:site_name\" content=\"Guayapi\" \/>\n<meta property=\"article:modified_time\" content=\"2026-01-02T13:01:30+00:00\" \/>\n<meta property=\"og:image\" content=\"https:\/\/www.guayapi.com\/boutique\/wp-content\/uploads\/2017\/04\/capture-d-ecran-2022-10-20-175713-removebg-preview.png\" \/>\n\t<meta property=\"og:image:width\" content=\"381\" \/>\n\t<meta property=\"og:image:height\" content=\"654\" \/>\n\t<meta property=\"og:image:type\" content=\"image\/png\" \/>\n<meta name=\"twitter:card\" content=\"summary_large_image\" \/>\n<meta name=\"twitter:label1\" content=\"Dur\u00e9e de lecture estim\u00e9e\" \/>\n\t<meta name=\"twitter:data1\" content=\"1 minute\" \/>\n<script type=\"application\/ld+json\" class=\"yoast-schema-graph\">{\"@context\":\"https:\\\/\\\/schema.org\",\"@graph\":[{\"@type\":\"WebPage\",\"@id\":\"https:\\\/\\\/www.guayapi.com\\\/boutique\\\/produit\\\/sublimateur-de-teint\\\/\",\"url\":\"https:\\\/\\\/www.guayapi.com\\\/boutique\\\/produit\\\/sublimateur-de-teint\\\/\",\"name\":\"Sublimateur de Teint \u00e0 l'Urucum - Guayapi\",\"isPartOf\":{\"@id\":\"https:\\\/\\\/www.guayapi.com\\\/boutique\\\/#website\"},\"primaryImageOfPage\":{\"@id\":\"https:\\\/\\\/www.guayapi.com\\\/boutique\\\/produit\\\/sublimateur-de-teint\\\/#primaryimage\"},\"image\":{\"@id\":\"https:\\\/\\\/www.guayapi.com\\\/boutique\\\/produit\\\/sublimateur-de-teint\\\/#primaryimage\"},\"thumbnailUrl\":\"https:\\\/\\\/www.guayapi.com\\\/boutique\\\/wp-content\\\/uploads\\\/2017\\\/04\\\/capture-d-ecran-2022-10-20-175713-removebg-preview.png\",\"datePublished\":\"2017-04-13T15:46:43+00:00\",\"dateModified\":\"2026-01-02T13:01:30+00:00\",\"breadcrumb\":{\"@id\":\"https:\\\/\\\/www.guayapi.com\\\/boutique\\\/produit\\\/sublimateur-de-teint\\\/#breadcrumb\"},\"inLanguage\":\"fr-FR\",\"potentialAction\":[{\"@type\":\"ReadAction\",\"target\":[\"https:\\\/\\\/www.guayapi.com\\\/boutique\\\/produit\\\/sublimateur-de-teint\\\/\"]}]},{\"@type\":\"ImageObject\",\"inLanguage\":\"fr-FR\",\"@id\":\"https:\\\/\\\/www.guayapi.com\\\/boutique\\\/produit\\\/sublimateur-de-teint\\\/#primaryimage\",\"url\":\"https:\\\/\\\/www.guayapi.com\\\/boutique\\\/wp-content\\\/uploads\\\/2017\\\/04\\\/capture-d-ecran-2022-10-20-175713-removebg-preview.png\",\"contentUrl\":\"https:\\\/\\\/www.guayapi.com\\\/boutique\\\/wp-content\\\/uploads\\\/2017\\\/04\\\/capture-d-ecran-2022-10-20-175713-removebg-preview.png\",\"width\":381,\"height\":654},{\"@type\":\"BreadcrumbList\",\"@id\":\"https:\\\/\\\/www.guayapi.com\\\/boutique\\\/produit\\\/sublimateur-de-teint\\\/#breadcrumb\",\"itemListElement\":[{\"@type\":\"ListItem\",\"position\":1,\"name\":\"Accueil\",\"item\":\"https:\\\/\\\/www.guayapi.com\\\/boutique\\\/\"},{\"@type\":\"ListItem\",\"position\":2,\"name\":\"Boutique\",\"item\":\"https:\\\/\\\/www.guayapi.com\\\/boutique\\\/\"},{\"@type\":\"ListItem\",\"position\":3,\"name\":\"Sublimateur de Teint \u00e0 l&rsquo;Urucum\"}]},{\"@type\":\"WebSite\",\"@id\":\"https:\\\/\\\/www.guayapi.com\\\/boutique\\\/#website\",\"url\":\"https:\\\/\\\/www.guayapi.com\\\/boutique\\\/\",\"name\":\"Guayapi\",\"description\":\"Super-aliments \u2022 \u00c9picerie fine \u2022 Cosm\u00e9tiques\",\"potentialAction\":[{\"@type\":\"SearchAction\",\"target\":{\"@type\":\"EntryPoint\",\"urlTemplate\":\"https:\\\/\\\/www.guayapi.com\\\/boutique\\\/?s={search_term_string}\"},\"query-input\":{\"@type\":\"PropertyValueSpecification\",\"valueRequired\":true,\"valueName\":\"search_term_string\"}}],\"inLanguage\":\"fr-FR\"}]}<\/script>","yoast_head_json":{"title":"Sublimateur de Teint \u00e0 l'Urucum - Guayapi","robots":{"index":"index","follow":"follow","max-snippet":"max-snippet:-1","max-image-preview":"max-image-preview:large","max-video-preview":"max-video-preview:-1"},"canonical":"https:\/\/www.guayapi.com\/boutique\/produit\/sublimateur-de-teint\/","og_locale":"fr_FR","og_type":"article","og_title":"Sublimateur de Teint \u00e0 l'Urucum - Guayapi","og_description":"\u00ab Pour une peau \u00e9clatante et h\u00e2l\u00e9e \u00bb Onctueuse avec sa teinte douce, cette cr\u00e8me matinale donne un aspect soyeux et lumineux \u00e0 la peau. Soin et maquillage naturel \u00e0 la fois, elle nourrit, raffermit et hydrate tous les types de peau. Principaux composants : (\u00e0 base de plantes amazoniennes exclusivement), Urucum, huile de cocos nucif\u00e9ra, huile d\u2019Andiroba, baume de Copaiba, parfum d\u2019huiles essentielles. Conseils d\u2019utilisation : s\u2019utilise en cr\u00e8me matinale ou en retouches maquillage dans la journ\u00e9e. Compl\u00e9ter avec la poudre d\u2019Urucum sur les parties saillantes du visage pour donner du relief au maquillage. Ce produit \u00e9tant tr\u00e8s concentr\u00e9, une goutte suffit.  (1.493,33\u20ac\/L)","og_url":"https:\/\/www.guayapi.com\/boutique\/produit\/sublimateur-de-teint\/","og_site_name":"Guayapi","article_modified_time":"2026-01-02T13:01:30+00:00","og_image":[{"width":381,"height":654,"url":"https:\/\/www.guayapi.com\/boutique\/wp-content\/uploads\/2017\/04\/capture-d-ecran-2022-10-20-175713-removebg-preview.png","type":"image\/png"}],"twitter_card":"summary_large_image","twitter_misc":{"Dur\u00e9e de lecture estim\u00e9e":"1 minute"},"schema":{"@context":"https:\/\/schema.org","@graph":[{"@type":"WebPage","@id":"https:\/\/www.guayapi.com\/boutique\/produit\/sublimateur-de-teint\/","url":"https:\/\/www.guayapi.com\/boutique\/produit\/sublimateur-de-teint\/","name":"Sublimateur de Teint \u00e0 l'Urucum - Guayapi","isPartOf":{"@id":"https:\/\/www.guayapi.com\/boutique\/#website"},"primaryImageOfPage":{"@id":"https:\/\/www.guayapi.com\/boutique\/produit\/sublimateur-de-teint\/#primaryimage"},"image":{"@id":"https:\/\/www.guayapi.com\/boutique\/produit\/sublimateur-de-teint\/#primaryimage"},"thumbnailUrl":"https:\/\/www.guayapi.com\/boutique\/wp-content\/uploads\/2017\/04\/capture-d-ecran-2022-10-20-175713-removebg-preview.png","datePublished":"2017-04-13T15:46:43+00:00","dateModified":"2026-01-02T13:01:30+00:00","breadcrumb":{"@id":"https:\/\/www.guayapi.com\/boutique\/produit\/sublimateur-de-teint\/#breadcrumb"},"inLanguage":"fr-FR","potentialAction":[{"@type":"ReadAction","target":["https:\/\/www.guayapi.com\/boutique\/produit\/sublimateur-de-teint\/"]}]},{"@type":"ImageObject","inLanguage":"fr-FR","@id":"https:\/\/www.guayapi.com\/boutique\/produit\/sublimateur-de-teint\/#primaryimage","url":"https:\/\/www.guayapi.com\/boutique\/wp-content\/uploads\/2017\/04\/capture-d-ecran-2022-10-20-175713-removebg-preview.png","contentUrl":"https:\/\/www.guayapi.com\/boutique\/wp-content\/uploads\/2017\/04\/capture-d-ecran-2022-10-20-175713-removebg-preview.png","width":381,"height":654},{"@type":"BreadcrumbList","@id":"https:\/\/www.guayapi.com\/boutique\/produit\/sublimateur-de-teint\/#breadcrumb","itemListElement":[{"@type":"ListItem","position":1,"name":"Accueil","item":"https:\/\/www.guayapi.com\/boutique\/"},{"@type":"ListItem","position":2,"name":"Boutique","item":"https:\/\/www.guayapi.com\/boutique\/"},{"@type":"ListItem","position":3,"name":"Sublimateur de Teint \u00e0 l&rsquo;Urucum"}]},{"@type":"WebSite","@id":"https:\/\/www.guayapi.com\/boutique\/#website","url":"https:\/\/www.guayapi.com\/boutique\/","name":"Guayapi","description":"Super-aliments \u2022 \u00c9picerie fine \u2022 Cosm\u00e9tiques","potentialAction":[{"@type":"SearchAction","target":{"@type":"EntryPoint","urlTemplate":"https:\/\/www.guayapi.com\/boutique\/?s={search_term_string}"},"query-input":{"@type":"PropertyValueSpecification","valueRequired":true,"valueName":"search_term_string"}}],"inLanguage":"fr-FR"}]}},"_links":{"self":[{"href":"https:\/\/www.guayapi.com\/boutique\/wp-json\/wp\/v2\/product\/2218","targetHints":{"allow":["GET"]}}],"collection":[{"href":"https:\/\/www.guayapi.com\/boutique\/wp-json\/wp\/v2\/product"}],"about":[{"href":"https:\/\/www.guayapi.com\/boutique\/wp-json\/wp\/v2\/types\/product"}],"wp:featuredmedia":[{"embeddable":true,"href":"https:\/\/www.guayapi.com\/boutique\/wp-json\/wp\/v2\/media\/43846"}],"wp:attachment":[{"href":"https:\/\/www.guayapi.com\/boutique\/wp-json\/wp\/v2\/media?parent=2218"}],"wp:term":[{"taxonomy":"product_brand","embeddable":true,"href":"https:\/\/www.guayapi.com\/boutique\/wp-json\/wp\/v2\/product_brand?post=2218"},{"taxonomy":"product_cat","embeddable":true,"href":"https:\/\/www.guayapi.com\/boutique\/wp-json\/wp\/v2\/product_cat?post=2218"},{"taxonomy":"product_tag","embeddable":true,"href":"https:\/\/www.guayapi.com\/boutique\/wp-json\/wp\/v2\/product_tag?post=2218"}],"curies":[{"name":"wp","href":"https:\/\/api.w.org\/{rel}","templated":true}]}}