{"id":2227,"date":"2017-04-13T17:57:45","date_gmt":"2017-04-13T15:57:45","guid":{"rendered":"https:\/\/www.guayapi.com\/boutique\/?post_type=product&#038;p=2227"},"modified":"2026-01-02T14:03:16","modified_gmt":"2026-01-02T13:03:16","slug":"the-noir-op-biologique","status":"publish","type":"product","link":"https:\/\/www.guayapi.com\/boutique\/produit\/the-noir-op-biologique\/","title":{"rendered":"Th\u00e9 Noir OP Biologique"},"content":{"rendered":"<p>\u00ab Le th\u00e9 \u00e0 l\u2019ar\u00f4me g\u00e9n\u00e9reux \u00bb<br \/>\nConsid\u00e9r\u00e9 comme l\u2019un des meilleurs th\u00e9s au monde pour son ar\u00f4me g\u00e9n\u00e9reux, ce th\u00e9 noir r\u00e9v\u00e8le sa couleur dor\u00e9e et son parfum subtil de noisette apr\u00e8s infusion.<br \/>\nOrigine : r\u00e9gion UVA, Sri Lanka.<br \/>\nConseils d\u2019utilisation : Servir avec un peu d\u2019\u00e9corce de cannelle, une graine de cardamome verte et\/ou un clou de girofle, pour un v\u00e9ritable voyage en terres Sri Lankaises.<\/p>\n","protected":false},"excerpt":{"rendered":"<p>\u00ab Le th\u00e9 \u00e0 l\u2019ar\u00f4me g\u00e9n\u00e9reux \u00bb<br \/>\nConsid\u00e9r\u00e9 comme l\u2019un des meilleurs th\u00e9s au monde pour son ar\u00f4me g\u00e9n\u00e9reux, ce th\u00e9 noir r\u00e9v\u00e8le sa couleur dor\u00e9e et son parfum subtil de noisette apr\u00e8s infusion.<br \/>\nOrigine : r\u00e9gion UVA, Sri Lanka.<br \/>\nConseils d\u2019utilisation : Servir avec un peu d\u2019\u00e9corce de cannelle, une graine de cardamome verte et\/ou un clou de girofle, pour un v\u00e9ritable voyage en terres Sri Lankaises.<\/p>\n<p>(218\u20ac\/kg)<\/p>\n","protected":false},"featured_media":45082,"template":"","meta":{"_acf_changed":false},"product_brand":[],"product_cat":[9],"product_tag":[501],"class_list":{"0":"post-2227","1":"product","2":"type-product","3":"status-publish","4":"has-post-thumbnail","6":"product_cat-epicerie-fine","7":"product_tag-the-en-fr","9":"first","10":"instock","11":"taxable","12":"shipping-taxable","13":"purchasable","14":"product-type-simple"},"acf":[],"yoast_head":"<title>Th\u00e9 Noir OP Biologique - Guayapi<\/title>\n<meta name=\"robots\" content=\"index, follow, max-snippet:-1, max-image-preview:large, max-video-preview:-1\" \/>\n<link rel=\"canonical\" href=\"https:\/\/www.guayapi.com\/boutique\/produit\/the-noir-op-biologique\/\" \/>\n<meta property=\"og:locale\" content=\"fr_FR\" \/>\n<meta property=\"og:type\" content=\"article\" \/>\n<meta property=\"og:title\" content=\"Th\u00e9 Noir OP Biologique - Guayapi\" \/>\n<meta property=\"og:description\" content=\"\u00ab Le th\u00e9 \u00e0 l\u2019ar\u00f4me g\u00e9n\u00e9reux \u00bb Consid\u00e9r\u00e9 comme l\u2019un des meilleurs th\u00e9s au monde pour son ar\u00f4me g\u00e9n\u00e9reux, ce th\u00e9 noir r\u00e9v\u00e8le sa couleur dor\u00e9e et son parfum subtil de noisette apr\u00e8s infusion. Origine : r\u00e9gion UVA, Sri Lanka. Conseils d\u2019utilisation : Servir avec un peu d\u2019\u00e9corce de cannelle, une graine de cardamome verte et\/ou un clou de girofle, pour un v\u00e9ritable voyage en terres Sri Lankaises.  (218\u20ac\/kg)\" \/>\n<meta property=\"og:url\" content=\"https:\/\/www.guayapi.com\/boutique\/produit\/the-noir-op-biologique\/\" \/>\n<meta property=\"og:site_name\" content=\"Guayapi\" \/>\n<meta property=\"article:modified_time\" content=\"2026-01-02T13:03:16+00:00\" \/>\n<meta property=\"og:image\" content=\"https:\/\/www.guayapi.com\/boutique\/wp-content\/uploads\/2020\/04\/16-05-02-guayapi-the-noir-e1669301644438.png\" \/>\n\t<meta property=\"og:image:width\" content=\"800\" \/>\n\t<meta property=\"og:image:height\" content=\"1062\" \/>\n\t<meta property=\"og:image:type\" content=\"image\/png\" \/>\n<meta name=\"twitter:card\" content=\"summary_large_image\" \/>\n<meta name=\"twitter:label1\" content=\"Dur\u00e9e de lecture estim\u00e9e\" \/>\n\t<meta name=\"twitter:data1\" content=\"1 minute\" \/>\n<script type=\"application\/ld+json\" class=\"yoast-schema-graph\">{\"@context\":\"https:\\\/\\\/schema.org\",\"@graph\":[{\"@type\":\"WebPage\",\"@id\":\"https:\\\/\\\/www.guayapi.com\\\/boutique\\\/produit\\\/the-noir-op-biologique\\\/\",\"url\":\"https:\\\/\\\/www.guayapi.com\\\/boutique\\\/produit\\\/the-noir-op-biologique\\\/\",\"name\":\"Th\u00e9 Noir OP Biologique - Guayapi\",\"isPartOf\":{\"@id\":\"https:\\\/\\\/www.guayapi.com\\\/boutique\\\/#website\"},\"primaryImageOfPage\":{\"@id\":\"https:\\\/\\\/www.guayapi.com\\\/boutique\\\/produit\\\/the-noir-op-biologique\\\/#primaryimage\"},\"image\":{\"@id\":\"https:\\\/\\\/www.guayapi.com\\\/boutique\\\/produit\\\/the-noir-op-biologique\\\/#primaryimage\"},\"thumbnailUrl\":\"https:\\\/\\\/www.guayapi.com\\\/boutique\\\/wp-content\\\/uploads\\\/2020\\\/04\\\/16-05-02-guayapi-the-noir-e1669301644438.png\",\"datePublished\":\"2017-04-13T15:57:45+00:00\",\"dateModified\":\"2026-01-02T13:03:16+00:00\",\"breadcrumb\":{\"@id\":\"https:\\\/\\\/www.guayapi.com\\\/boutique\\\/produit\\\/the-noir-op-biologique\\\/#breadcrumb\"},\"inLanguage\":\"fr-FR\",\"potentialAction\":[{\"@type\":\"ReadAction\",\"target\":[\"https:\\\/\\\/www.guayapi.com\\\/boutique\\\/produit\\\/the-noir-op-biologique\\\/\"]}]},{\"@type\":\"ImageObject\",\"inLanguage\":\"fr-FR\",\"@id\":\"https:\\\/\\\/www.guayapi.com\\\/boutique\\\/produit\\\/the-noir-op-biologique\\\/#primaryimage\",\"url\":\"https:\\\/\\\/www.guayapi.com\\\/boutique\\\/wp-content\\\/uploads\\\/2020\\\/04\\\/16-05-02-guayapi-the-noir-e1669301644438.png\",\"contentUrl\":\"https:\\\/\\\/www.guayapi.com\\\/boutique\\\/wp-content\\\/uploads\\\/2020\\\/04\\\/16-05-02-guayapi-the-noir-e1669301644438.png\",\"width\":800,\"height\":1062},{\"@type\":\"BreadcrumbList\",\"@id\":\"https:\\\/\\\/www.guayapi.com\\\/boutique\\\/produit\\\/the-noir-op-biologique\\\/#breadcrumb\",\"itemListElement\":[{\"@type\":\"ListItem\",\"position\":1,\"name\":\"Accueil\",\"item\":\"https:\\\/\\\/www.guayapi.com\\\/boutique\\\/\"},{\"@type\":\"ListItem\",\"position\":2,\"name\":\"Boutique\",\"item\":\"https:\\\/\\\/www.guayapi.com\\\/boutique\\\/\"},{\"@type\":\"ListItem\",\"position\":3,\"name\":\"Th\u00e9 Noir OP Biologique\"}]},{\"@type\":\"WebSite\",\"@id\":\"https:\\\/\\\/www.guayapi.com\\\/boutique\\\/#website\",\"url\":\"https:\\\/\\\/www.guayapi.com\\\/boutique\\\/\",\"name\":\"Guayapi\",\"description\":\"Super-aliments \u2022 \u00c9picerie fine \u2022 Cosm\u00e9tiques\",\"potentialAction\":[{\"@type\":\"SearchAction\",\"target\":{\"@type\":\"EntryPoint\",\"urlTemplate\":\"https:\\\/\\\/www.guayapi.com\\\/boutique\\\/?s={search_term_string}\"},\"query-input\":{\"@type\":\"PropertyValueSpecification\",\"valueRequired\":true,\"valueName\":\"search_term_string\"}}],\"inLanguage\":\"fr-FR\"}]}<\/script>","yoast_head_json":{"title":"Th\u00e9 Noir OP Biologique - Guayapi","robots":{"index":"index","follow":"follow","max-snippet":"max-snippet:-1","max-image-preview":"max-image-preview:large","max-video-preview":"max-video-preview:-1"},"canonical":"https:\/\/www.guayapi.com\/boutique\/produit\/the-noir-op-biologique\/","og_locale":"fr_FR","og_type":"article","og_title":"Th\u00e9 Noir OP Biologique - Guayapi","og_description":"\u00ab Le th\u00e9 \u00e0 l\u2019ar\u00f4me g\u00e9n\u00e9reux \u00bb Consid\u00e9r\u00e9 comme l\u2019un des meilleurs th\u00e9s au monde pour son ar\u00f4me g\u00e9n\u00e9reux, ce th\u00e9 noir r\u00e9v\u00e8le sa couleur dor\u00e9e et son parfum subtil de noisette apr\u00e8s infusion. Origine : r\u00e9gion UVA, Sri Lanka. Conseils d\u2019utilisation : Servir avec un peu d\u2019\u00e9corce de cannelle, une graine de cardamome verte et\/ou un clou de girofle, pour un v\u00e9ritable voyage en terres Sri Lankaises.  (218\u20ac\/kg)","og_url":"https:\/\/www.guayapi.com\/boutique\/produit\/the-noir-op-biologique\/","og_site_name":"Guayapi","article_modified_time":"2026-01-02T13:03:16+00:00","og_image":[{"width":800,"height":1062,"url":"https:\/\/www.guayapi.com\/boutique\/wp-content\/uploads\/2020\/04\/16-05-02-guayapi-the-noir-e1669301644438.png","type":"image\/png"}],"twitter_card":"summary_large_image","twitter_misc":{"Dur\u00e9e de lecture estim\u00e9e":"1 minute"},"schema":{"@context":"https:\/\/schema.org","@graph":[{"@type":"WebPage","@id":"https:\/\/www.guayapi.com\/boutique\/produit\/the-noir-op-biologique\/","url":"https:\/\/www.guayapi.com\/boutique\/produit\/the-noir-op-biologique\/","name":"Th\u00e9 Noir OP Biologique - Guayapi","isPartOf":{"@id":"https:\/\/www.guayapi.com\/boutique\/#website"},"primaryImageOfPage":{"@id":"https:\/\/www.guayapi.com\/boutique\/produit\/the-noir-op-biologique\/#primaryimage"},"image":{"@id":"https:\/\/www.guayapi.com\/boutique\/produit\/the-noir-op-biologique\/#primaryimage"},"thumbnailUrl":"https:\/\/www.guayapi.com\/boutique\/wp-content\/uploads\/2020\/04\/16-05-02-guayapi-the-noir-e1669301644438.png","datePublished":"2017-04-13T15:57:45+00:00","dateModified":"2026-01-02T13:03:16+00:00","breadcrumb":{"@id":"https:\/\/www.guayapi.com\/boutique\/produit\/the-noir-op-biologique\/#breadcrumb"},"inLanguage":"fr-FR","potentialAction":[{"@type":"ReadAction","target":["https:\/\/www.guayapi.com\/boutique\/produit\/the-noir-op-biologique\/"]}]},{"@type":"ImageObject","inLanguage":"fr-FR","@id":"https:\/\/www.guayapi.com\/boutique\/produit\/the-noir-op-biologique\/#primaryimage","url":"https:\/\/www.guayapi.com\/boutique\/wp-content\/uploads\/2020\/04\/16-05-02-guayapi-the-noir-e1669301644438.png","contentUrl":"https:\/\/www.guayapi.com\/boutique\/wp-content\/uploads\/2020\/04\/16-05-02-guayapi-the-noir-e1669301644438.png","width":800,"height":1062},{"@type":"BreadcrumbList","@id":"https:\/\/www.guayapi.com\/boutique\/produit\/the-noir-op-biologique\/#breadcrumb","itemListElement":[{"@type":"ListItem","position":1,"name":"Accueil","item":"https:\/\/www.guayapi.com\/boutique\/"},{"@type":"ListItem","position":2,"name":"Boutique","item":"https:\/\/www.guayapi.com\/boutique\/"},{"@type":"ListItem","position":3,"name":"Th\u00e9 Noir OP Biologique"}]},{"@type":"WebSite","@id":"https:\/\/www.guayapi.com\/boutique\/#website","url":"https:\/\/www.guayapi.com\/boutique\/","name":"Guayapi","description":"Super-aliments \u2022 \u00c9picerie fine \u2022 Cosm\u00e9tiques","potentialAction":[{"@type":"SearchAction","target":{"@type":"EntryPoint","urlTemplate":"https:\/\/www.guayapi.com\/boutique\/?s={search_term_string}"},"query-input":{"@type":"PropertyValueSpecification","valueRequired":true,"valueName":"search_term_string"}}],"inLanguage":"fr-FR"}]}},"_links":{"self":[{"href":"https:\/\/www.guayapi.com\/boutique\/wp-json\/wp\/v2\/product\/2227","targetHints":{"allow":["GET"]}}],"collection":[{"href":"https:\/\/www.guayapi.com\/boutique\/wp-json\/wp\/v2\/product"}],"about":[{"href":"https:\/\/www.guayapi.com\/boutique\/wp-json\/wp\/v2\/types\/product"}],"wp:featuredmedia":[{"embeddable":true,"href":"https:\/\/www.guayapi.com\/boutique\/wp-json\/wp\/v2\/media\/45082"}],"wp:attachment":[{"href":"https:\/\/www.guayapi.com\/boutique\/wp-json\/wp\/v2\/media?parent=2227"}],"wp:term":[{"taxonomy":"product_brand","embeddable":true,"href":"https:\/\/www.guayapi.com\/boutique\/wp-json\/wp\/v2\/product_brand?post=2227"},{"taxonomy":"product_cat","embeddable":true,"href":"https:\/\/www.guayapi.com\/boutique\/wp-json\/wp\/v2\/product_cat?post=2227"},{"taxonomy":"product_tag","embeddable":true,"href":"https:\/\/www.guayapi.com\/boutique\/wp-json\/wp\/v2\/product_tag?post=2227"}],"curies":[{"name":"wp","href":"https:\/\/api.w.org\/{rel}","templated":true}]}}