{"id":3302,"date":"2017-08-08T10:09:01","date_gmt":"2017-08-08T08:09:01","guid":{"rendered":"https:\/\/www.guayapi.com\/boutique\/?post_type=product&#038;p=3302"},"modified":"2026-01-02T12:16:43","modified_gmt":"2026-01-02T11:16:43","slug":"amazonpunch","status":"publish","type":"product","link":"https:\/\/www.guayapi.com\/boutique\/produit\/amazonpunch\/","title":{"rendered":"Guarana Bio AMAZONPUNCH"},"content":{"rendered":"<p>L\u2019Amazonpunch est une poudre de Guarana 100% pure et issue de culture biologique.<\/p>\n<p>Depuis sa d\u00e9couverte, le Warana est une plante mythique et mystique de la for\u00eat amazonienne et un tr\u00e9sor pour le peuple Sater\u00e9 Maw\u00e9, qui veille sur elle depuis des milliers d\u2019ann\u00e9es. En l\u2019absence de la lettre W dans leur alphabet, les portugais ont renomm\u00e9 la plante Guarana. L\u2019Amazonpunch est un grand cru des Caboclos, les populations m\u00e9tis d&rsquo;Amazonie, en partenariat avec les Sater\u00e9 Maw\u00e9.<\/p>\n<p>Riche en guaranine et source d&rsquo;oligo-\u00e9l\u00e9ments, le Guarana est un dynamisant physique et c\u00e9r\u00e9bral.<\/p>\n<p>Conseil d\u2019utilisation: 1 petite cuill\u00e8re \u00e0 caf\u00e9 de poudre \u00e0 m\u00e9langer dans une boisson froide, dans une compote, un yaourt ou dans l\u2019alimentation. Ponctuellement avant l\u2019effort ou durant des p\u00e9riodes de 1 \u00e0 3 semaines.<\/p>\n<p>INFORMATION NUTRITIONNELLE POUR 100 GRAMMES<\/p>\n<p>Valeur \u00e9nerg\u00e9tique:<br \/>\nKcal 370,<br \/>\nKJ 1548<\/p>\n<p>Lipides: 2,1 g;<br \/>\nDont acides gras satur\u00e9s: 0,4 g<\/p>\n<p>Glucides: 74,2;<br \/>\nDont sucres: 3 g<\/p>\n<p>Prot\u00e9ines: 13,9 g<\/p>\n<p>Sel: 0 g<\/p>\n<p>Guaranine: 4 g<\/p>\n<p>INFORMATION NUTRITIONNELLE PAR PORTION DE 2 GRAMMES (1 CUILL\u00c8RES \u00c0 CAF\u00c9)<\/p>\n<p>Valeur \u00e9nerg\u00e9tique:<br \/>\nKcal 7,4<br \/>\nKJ 31<\/p>\n<p>Lipides: 0,04 g;<br \/>\nDont acides gras satur\u00e9s: 0,01 g<\/p>\n<p>Glucides: 1,48 g;<br \/>\nDont sucres: 0,06 g<\/p>\n<p>Prot\u00e9ines: 0,28 g<\/p>\n<p>Sel: 0 g<\/p>\n<p>Guaranine: 0,08 g<\/p>\n<p><span style=\"font-size: 8pt\"><em>COMPL\u00c9MENT ALIMENTAIRE. TENIR HORS DE PORT\u00c9E DES JEUNES ENFANTS. NE PEUT SE SUBSTITUER \u00c0 UN R\u00c9GIME ALIMENTAIRE VARI\u00c9, NI \u00c0 UN MODE DE VIE SAIN. \u00c0 CONSOMMER DE PR\u00c9F\u00c9RENCE AVANT FIN : VOIR AU FOND DE LA BO\u00ceTE<\/em><\/span><\/p>\n","protected":false},"excerpt":{"rendered":"<p>L\u2019AMAZONPUNCH EST UNE POUDRE DE GUARANA 100% PURE ET ISSUE DE CULTURE BIOLOGIQUE.<\/p>\n<p>(156\u20ac \/kg)<\/p>\n","protected":false},"featured_media":3303,"template":"","meta":{"_acf_changed":false},"product_brand":[],"product_cat":[7],"product_tag":[47,17],"class_list":{"0":"post-3302","1":"product","2":"type-product","3":"status-publish","4":"has-post-thumbnail","6":"product_cat-super-aliments","7":"product_tag-tonus-energie","8":"product_tag-sport","10":"first","11":"instock","12":"taxable","13":"shipping-taxable","14":"purchasable","15":"product-type-simple"},"acf":[],"yoast_head":"<title>Guarana Bio AMAZONPUNCH - Guayapi<\/title>\n<meta name=\"robots\" content=\"index, follow, max-snippet:-1, max-image-preview:large, max-video-preview:-1\" \/>\n<link rel=\"canonical\" href=\"https:\/\/www.guayapi.com\/boutique\/produit\/amazonpunch\/\" \/>\n<meta property=\"og:locale\" content=\"fr_FR\" \/>\n<meta property=\"og:type\" content=\"article\" \/>\n<meta property=\"og:title\" content=\"Guarana Bio AMAZONPUNCH - Guayapi\" \/>\n<meta property=\"og:description\" content=\"L\u2019AMAZONPUNCH EST UNE POUDRE DE GUARANA 100% PURE ET ISSUE DE CULTURE BIOLOGIQUE.  (156\u20ac \/kg)\" \/>\n<meta property=\"og:url\" content=\"https:\/\/www.guayapi.com\/boutique\/produit\/amazonpunch\/\" \/>\n<meta property=\"og:site_name\" content=\"Guayapi\" \/>\n<meta property=\"article:modified_time\" content=\"2026-01-02T11:16:43+00:00\" \/>\n<meta property=\"og:image\" content=\"https:\/\/www.guayapi.com\/boutique\/wp-content\/uploads\/2017\/08\/amazonpunch.png\" \/>\n\t<meta property=\"og:image:width\" content=\"900\" \/>\n\t<meta property=\"og:image:height\" content=\"1200\" \/>\n\t<meta property=\"og:image:type\" content=\"image\/png\" \/>\n<meta name=\"twitter:card\" content=\"summary_large_image\" \/>\n<meta name=\"twitter:label1\" content=\"Dur\u00e9e de lecture estim\u00e9e\" \/>\n\t<meta name=\"twitter:data1\" content=\"2 minutes\" \/>\n<script type=\"application\/ld+json\" class=\"yoast-schema-graph\">{\"@context\":\"https:\\\/\\\/schema.org\",\"@graph\":[{\"@type\":\"WebPage\",\"@id\":\"https:\\\/\\\/www.guayapi.com\\\/boutique\\\/produit\\\/amazonpunch\\\/\",\"url\":\"https:\\\/\\\/www.guayapi.com\\\/boutique\\\/produit\\\/amazonpunch\\\/\",\"name\":\"Guarana Bio AMAZONPUNCH - Guayapi\",\"isPartOf\":{\"@id\":\"https:\\\/\\\/www.guayapi.com\\\/boutique\\\/#website\"},\"primaryImageOfPage\":{\"@id\":\"https:\\\/\\\/www.guayapi.com\\\/boutique\\\/produit\\\/amazonpunch\\\/#primaryimage\"},\"image\":{\"@id\":\"https:\\\/\\\/www.guayapi.com\\\/boutique\\\/produit\\\/amazonpunch\\\/#primaryimage\"},\"thumbnailUrl\":\"https:\\\/\\\/www.guayapi.com\\\/boutique\\\/wp-content\\\/uploads\\\/2017\\\/08\\\/amazonpunch.png\",\"datePublished\":\"2017-08-08T08:09:01+00:00\",\"dateModified\":\"2026-01-02T11:16:43+00:00\",\"breadcrumb\":{\"@id\":\"https:\\\/\\\/www.guayapi.com\\\/boutique\\\/produit\\\/amazonpunch\\\/#breadcrumb\"},\"inLanguage\":\"fr-FR\",\"potentialAction\":[{\"@type\":\"ReadAction\",\"target\":[\"https:\\\/\\\/www.guayapi.com\\\/boutique\\\/produit\\\/amazonpunch\\\/\"]}]},{\"@type\":\"ImageObject\",\"inLanguage\":\"fr-FR\",\"@id\":\"https:\\\/\\\/www.guayapi.com\\\/boutique\\\/produit\\\/amazonpunch\\\/#primaryimage\",\"url\":\"https:\\\/\\\/www.guayapi.com\\\/boutique\\\/wp-content\\\/uploads\\\/2017\\\/08\\\/amazonpunch.png\",\"contentUrl\":\"https:\\\/\\\/www.guayapi.com\\\/boutique\\\/wp-content\\\/uploads\\\/2017\\\/08\\\/amazonpunch.png\",\"width\":900,\"height\":1200,\"caption\":\"Amazonpunch\"},{\"@type\":\"BreadcrumbList\",\"@id\":\"https:\\\/\\\/www.guayapi.com\\\/boutique\\\/produit\\\/amazonpunch\\\/#breadcrumb\",\"itemListElement\":[{\"@type\":\"ListItem\",\"position\":1,\"name\":\"Accueil\",\"item\":\"https:\\\/\\\/www.guayapi.com\\\/boutique\\\/\"},{\"@type\":\"ListItem\",\"position\":2,\"name\":\"Boutique\",\"item\":\"https:\\\/\\\/www.guayapi.com\\\/boutique\\\/\"},{\"@type\":\"ListItem\",\"position\":3,\"name\":\"Guarana Bio AMAZONPUNCH\"}]},{\"@type\":\"WebSite\",\"@id\":\"https:\\\/\\\/www.guayapi.com\\\/boutique\\\/#website\",\"url\":\"https:\\\/\\\/www.guayapi.com\\\/boutique\\\/\",\"name\":\"Guayapi\",\"description\":\"Super-aliments \u2022 \u00c9picerie fine \u2022 Cosm\u00e9tiques\",\"potentialAction\":[{\"@type\":\"SearchAction\",\"target\":{\"@type\":\"EntryPoint\",\"urlTemplate\":\"https:\\\/\\\/www.guayapi.com\\\/boutique\\\/?s={search_term_string}\"},\"query-input\":{\"@type\":\"PropertyValueSpecification\",\"valueRequired\":true,\"valueName\":\"search_term_string\"}}],\"inLanguage\":\"fr-FR\"}]}<\/script>","yoast_head_json":{"title":"Guarana Bio AMAZONPUNCH - Guayapi","robots":{"index":"index","follow":"follow","max-snippet":"max-snippet:-1","max-image-preview":"max-image-preview:large","max-video-preview":"max-video-preview:-1"},"canonical":"https:\/\/www.guayapi.com\/boutique\/produit\/amazonpunch\/","og_locale":"fr_FR","og_type":"article","og_title":"Guarana Bio AMAZONPUNCH - Guayapi","og_description":"L\u2019AMAZONPUNCH EST UNE POUDRE DE GUARANA 100% PURE ET ISSUE DE CULTURE BIOLOGIQUE.  (156\u20ac \/kg)","og_url":"https:\/\/www.guayapi.com\/boutique\/produit\/amazonpunch\/","og_site_name":"Guayapi","article_modified_time":"2026-01-02T11:16:43+00:00","og_image":[{"width":900,"height":1200,"url":"https:\/\/www.guayapi.com\/boutique\/wp-content\/uploads\/2017\/08\/amazonpunch.png","type":"image\/png"}],"twitter_card":"summary_large_image","twitter_misc":{"Dur\u00e9e de lecture estim\u00e9e":"2 minutes"},"schema":{"@context":"https:\/\/schema.org","@graph":[{"@type":"WebPage","@id":"https:\/\/www.guayapi.com\/boutique\/produit\/amazonpunch\/","url":"https:\/\/www.guayapi.com\/boutique\/produit\/amazonpunch\/","name":"Guarana Bio AMAZONPUNCH - Guayapi","isPartOf":{"@id":"https:\/\/www.guayapi.com\/boutique\/#website"},"primaryImageOfPage":{"@id":"https:\/\/www.guayapi.com\/boutique\/produit\/amazonpunch\/#primaryimage"},"image":{"@id":"https:\/\/www.guayapi.com\/boutique\/produit\/amazonpunch\/#primaryimage"},"thumbnailUrl":"https:\/\/www.guayapi.com\/boutique\/wp-content\/uploads\/2017\/08\/amazonpunch.png","datePublished":"2017-08-08T08:09:01+00:00","dateModified":"2026-01-02T11:16:43+00:00","breadcrumb":{"@id":"https:\/\/www.guayapi.com\/boutique\/produit\/amazonpunch\/#breadcrumb"},"inLanguage":"fr-FR","potentialAction":[{"@type":"ReadAction","target":["https:\/\/www.guayapi.com\/boutique\/produit\/amazonpunch\/"]}]},{"@type":"ImageObject","inLanguage":"fr-FR","@id":"https:\/\/www.guayapi.com\/boutique\/produit\/amazonpunch\/#primaryimage","url":"https:\/\/www.guayapi.com\/boutique\/wp-content\/uploads\/2017\/08\/amazonpunch.png","contentUrl":"https:\/\/www.guayapi.com\/boutique\/wp-content\/uploads\/2017\/08\/amazonpunch.png","width":900,"height":1200,"caption":"Amazonpunch"},{"@type":"BreadcrumbList","@id":"https:\/\/www.guayapi.com\/boutique\/produit\/amazonpunch\/#breadcrumb","itemListElement":[{"@type":"ListItem","position":1,"name":"Accueil","item":"https:\/\/www.guayapi.com\/boutique\/"},{"@type":"ListItem","position":2,"name":"Boutique","item":"https:\/\/www.guayapi.com\/boutique\/"},{"@type":"ListItem","position":3,"name":"Guarana Bio AMAZONPUNCH"}]},{"@type":"WebSite","@id":"https:\/\/www.guayapi.com\/boutique\/#website","url":"https:\/\/www.guayapi.com\/boutique\/","name":"Guayapi","description":"Super-aliments \u2022 \u00c9picerie fine \u2022 Cosm\u00e9tiques","potentialAction":[{"@type":"SearchAction","target":{"@type":"EntryPoint","urlTemplate":"https:\/\/www.guayapi.com\/boutique\/?s={search_term_string}"},"query-input":{"@type":"PropertyValueSpecification","valueRequired":true,"valueName":"search_term_string"}}],"inLanguage":"fr-FR"}]}},"_links":{"self":[{"href":"https:\/\/www.guayapi.com\/boutique\/wp-json\/wp\/v2\/product\/3302","targetHints":{"allow":["GET"]}}],"collection":[{"href":"https:\/\/www.guayapi.com\/boutique\/wp-json\/wp\/v2\/product"}],"about":[{"href":"https:\/\/www.guayapi.com\/boutique\/wp-json\/wp\/v2\/types\/product"}],"wp:featuredmedia":[{"embeddable":true,"href":"https:\/\/www.guayapi.com\/boutique\/wp-json\/wp\/v2\/media\/3303"}],"wp:attachment":[{"href":"https:\/\/www.guayapi.com\/boutique\/wp-json\/wp\/v2\/media?parent=3302"}],"wp:term":[{"taxonomy":"product_brand","embeddable":true,"href":"https:\/\/www.guayapi.com\/boutique\/wp-json\/wp\/v2\/product_brand?post=3302"},{"taxonomy":"product_cat","embeddable":true,"href":"https:\/\/www.guayapi.com\/boutique\/wp-json\/wp\/v2\/product_cat?post=3302"},{"taxonomy":"product_tag","embeddable":true,"href":"https:\/\/www.guayapi.com\/boutique\/wp-json\/wp\/v2\/product_tag?post=3302"}],"curies":[{"name":"wp","href":"https:\/\/api.w.org\/{rel}","templated":true}]}}