{"id":37357,"date":"2022-03-04T17:34:11","date_gmt":"2022-03-04T16:34:11","guid":{"rendered":"https:\/\/www.guayapi.com\/boutique\/?post_type=product&#038;p=37357"},"modified":"2026-01-02T13:34:51","modified_gmt":"2026-01-02T12:34:51","slug":"mais-mauve-des-terres-dorigine","status":"publish","type":"product","link":"https:\/\/www.guayapi.com\/boutique\/produit\/mais-mauve-des-terres-dorigine\/","title":{"rendered":"NOUVEAUTE : MA\u00cfS MAUVE DES TERRES D\u2019ORIGINE"},"content":{"rendered":"<p><strong>Une alternative sans gluten, h\u00e9rit\u00e9e des Incas !<\/strong><\/p>\n<p>Le Ma\u00efs Mauve GUAYAPI est issu d\u2019un partenariat innovant de commerce \u00e9quitable impuls\u00e9 par le gouvernement du P\u00e9rou avec GUAYAPI ayant pour but de valoriser la biodiversit\u00e9 native, en incluant des organisations de productrices et producteurs originaires de la r\u00e9gion de Cuzco.<\/p>\n<p>Le Ma\u00efs Mauve poss\u00e8de une saveur tr\u00e8s douce et gourmande. C\u2019est \u00e9galement un \u00e9paississant naturel int\u00e9ressant en cuisine pour r\u00e9aliser des sauces ou g\u00e2teaux naturellement sans gluten, pour changer des farines alternatives et mettre de la couleur dans ses recettes. On peut aussi le consommer cru, tout simplement.<\/p>\n<p><strong>Ses meilleures utilisations :<\/strong><\/p>\n<p>\u2022 Pour \u00e9paissir une sauce<br \/>\n\u2022 Dans une recette sal\u00e9e traditionnelle inspir\u00e9e de l\u2019Am\u00e9rique du Sud.<br \/>\n\u2022 Dans une boisson type smoothie et velout\u00e9s (par exemple avec des baies d\u2019a\u00e7a\u00ef pour rester dans les m\u00eames tons et renforcer par un c\u00f4t\u00e9 antioxydant).<br \/>\n\u2022 Sous forme de pancakes, muffins, cr\u00eapes au petit d\u00e9jeuner ou au go\u00fbter.<\/p>\n<p><iframe title=\"\ud83c\udf3d Quels recettes faire avec notre Ma\u00efs Mauve, Superaliment des Andes du P\u00e9rou \ud83c\uddf5\ud83c\uddea ? #guayapi\" width=\"422\" height=\"750\" src=\"https:\/\/www.youtube-nocookie.com\/embed\/akgu3KLuyVg?feature=oembed\" frameborder=\"0\" allow=\"accelerometer; autoplay; clipboard-write; encrypted-media; gyroscope; picture-in-picture; web-share\" referrerpolicy=\"strict-origin-when-cross-origin\" allowfullscreen><\/iframe><\/p>\n<p><strong>Ingr\u00e9dients :<\/strong> poudre de Ma\u00efs Mauve (Zea Mays)biologique 100%pure. Sans additifs, ni conservateurs.<\/p>\n<p><strong>Informations nutritionnelles pour 100G<\/strong><strong>:<\/strong> 357 Kcal\/ 1495 KJ, 3,4g de lipides dont 0,45g d\u2019acides gras satur\u00e9s, 76,2g de glucides, dont 1,04g de sucres, 7,3g de prot\u00e9ines, 0,01g de sel.<\/p>\n","protected":false},"excerpt":{"rendered":"<p>FARINE SANS GLUTEN \u2013 ALIMENT CRU<\/p>\n<p>(75,45\u20ac\/kg)<\/p>\n","protected":false},"featured_media":37358,"template":"","meta":{"_acf_changed":false},"product_brand":[],"product_cat":[7,9],"product_tag":[250,440],"class_list":{"0":"post-37357","1":"product","2":"type-product","3":"status-publish","4":"has-post-thumbnail","6":"product_cat-super-aliments","7":"product_cat-epicerie-fine","8":"product_tag-sans-gluten","9":"product_tag-aliment-cru","11":"first","12":"instock","13":"sale","14":"taxable","15":"shipping-taxable","16":"purchasable","17":"product-type-simple"},"acf":[],"yoast_head":"<title>NOUVEAUTE : MA\u00cfS MAUVE DES TERRES D\u2019ORIGINE - Guayapi<\/title>\n<meta name=\"robots\" content=\"index, follow, max-snippet:-1, max-image-preview:large, max-video-preview:-1\" \/>\n<link rel=\"canonical\" href=\"https:\/\/www.guayapi.com\/boutique\/produit\/mais-mauve-des-terres-dorigine\/\" \/>\n<meta property=\"og:locale\" content=\"fr_FR\" \/>\n<meta property=\"og:type\" content=\"article\" \/>\n<meta property=\"og:title\" content=\"NOUVEAUTE : MA\u00cfS MAUVE DES TERRES D\u2019ORIGINE - Guayapi\" \/>\n<meta property=\"og:description\" content=\"FARINE SANS GLUTEN \u2013 ALIMENT CRU  (75,45\u20ac\/kg)\" \/>\n<meta property=\"og:url\" content=\"https:\/\/www.guayapi.com\/boutique\/produit\/mais-mauve-des-terres-dorigine\/\" \/>\n<meta property=\"og:site_name\" content=\"Guayapi\" \/>\n<meta property=\"article:modified_time\" content=\"2026-01-02T12:34:51+00:00\" \/>\n<meta property=\"og:image\" content=\"https:\/\/www.guayapi.com\/boutique\/wp-content\/uploads\/2022\/03\/guayapi-mais-mauve-removebg-preview-e1646411227831.png\" \/>\n\t<meta property=\"og:image:width\" content=\"319\" \/>\n\t<meta property=\"og:image:height\" content=\"419\" \/>\n\t<meta property=\"og:image:type\" content=\"image\/png\" \/>\n<meta name=\"twitter:card\" content=\"summary_large_image\" \/>\n<meta name=\"twitter:label1\" content=\"Dur\u00e9e de lecture estim\u00e9e\" \/>\n\t<meta name=\"twitter:data1\" content=\"2 minutes\" \/>\n<script type=\"application\/ld+json\" class=\"yoast-schema-graph\">{\"@context\":\"https:\\\/\\\/schema.org\",\"@graph\":[{\"@type\":\"WebPage\",\"@id\":\"https:\\\/\\\/www.guayapi.com\\\/boutique\\\/produit\\\/mais-mauve-des-terres-dorigine\\\/\",\"url\":\"https:\\\/\\\/www.guayapi.com\\\/boutique\\\/produit\\\/mais-mauve-des-terres-dorigine\\\/\",\"name\":\"NOUVEAUTE : MA\u00cfS MAUVE DES TERRES D\u2019ORIGINE - Guayapi\",\"isPartOf\":{\"@id\":\"https:\\\/\\\/www.guayapi.com\\\/boutique\\\/#website\"},\"primaryImageOfPage\":{\"@id\":\"https:\\\/\\\/www.guayapi.com\\\/boutique\\\/produit\\\/mais-mauve-des-terres-dorigine\\\/#primaryimage\"},\"image\":{\"@id\":\"https:\\\/\\\/www.guayapi.com\\\/boutique\\\/produit\\\/mais-mauve-des-terres-dorigine\\\/#primaryimage\"},\"thumbnailUrl\":\"https:\\\/\\\/www.guayapi.com\\\/boutique\\\/wp-content\\\/uploads\\\/2022\\\/03\\\/guayapi-mais-mauve-removebg-preview-e1646411227831.png\",\"datePublished\":\"2022-03-04T16:34:11+00:00\",\"dateModified\":\"2026-01-02T12:34:51+00:00\",\"breadcrumb\":{\"@id\":\"https:\\\/\\\/www.guayapi.com\\\/boutique\\\/produit\\\/mais-mauve-des-terres-dorigine\\\/#breadcrumb\"},\"inLanguage\":\"fr-FR\",\"potentialAction\":[{\"@type\":\"ReadAction\",\"target\":[\"https:\\\/\\\/www.guayapi.com\\\/boutique\\\/produit\\\/mais-mauve-des-terres-dorigine\\\/\"]}]},{\"@type\":\"ImageObject\",\"inLanguage\":\"fr-FR\",\"@id\":\"https:\\\/\\\/www.guayapi.com\\\/boutique\\\/produit\\\/mais-mauve-des-terres-dorigine\\\/#primaryimage\",\"url\":\"https:\\\/\\\/www.guayapi.com\\\/boutique\\\/wp-content\\\/uploads\\\/2022\\\/03\\\/guayapi-mais-mauve-removebg-preview-e1646411227831.png\",\"contentUrl\":\"https:\\\/\\\/www.guayapi.com\\\/boutique\\\/wp-content\\\/uploads\\\/2022\\\/03\\\/guayapi-mais-mauve-removebg-preview-e1646411227831.png\",\"width\":319,\"height\":419},{\"@type\":\"BreadcrumbList\",\"@id\":\"https:\\\/\\\/www.guayapi.com\\\/boutique\\\/produit\\\/mais-mauve-des-terres-dorigine\\\/#breadcrumb\",\"itemListElement\":[{\"@type\":\"ListItem\",\"position\":1,\"name\":\"Accueil\",\"item\":\"https:\\\/\\\/www.guayapi.com\\\/boutique\\\/\"},{\"@type\":\"ListItem\",\"position\":2,\"name\":\"Boutique\",\"item\":\"https:\\\/\\\/www.guayapi.com\\\/boutique\\\/\"},{\"@type\":\"ListItem\",\"position\":3,\"name\":\"NOUVEAUTE : MA\u00cfS MAUVE DES TERRES D\u2019ORIGINE\"}]},{\"@type\":\"WebSite\",\"@id\":\"https:\\\/\\\/www.guayapi.com\\\/boutique\\\/#website\",\"url\":\"https:\\\/\\\/www.guayapi.com\\\/boutique\\\/\",\"name\":\"Guayapi\",\"description\":\"Super-aliments \u2022 \u00c9picerie fine \u2022 Cosm\u00e9tiques\",\"potentialAction\":[{\"@type\":\"SearchAction\",\"target\":{\"@type\":\"EntryPoint\",\"urlTemplate\":\"https:\\\/\\\/www.guayapi.com\\\/boutique\\\/?s={search_term_string}\"},\"query-input\":{\"@type\":\"PropertyValueSpecification\",\"valueRequired\":true,\"valueName\":\"search_term_string\"}}],\"inLanguage\":\"fr-FR\"}]}<\/script>","yoast_head_json":{"title":"NOUVEAUTE : MA\u00cfS MAUVE DES TERRES D\u2019ORIGINE - Guayapi","robots":{"index":"index","follow":"follow","max-snippet":"max-snippet:-1","max-image-preview":"max-image-preview:large","max-video-preview":"max-video-preview:-1"},"canonical":"https:\/\/www.guayapi.com\/boutique\/produit\/mais-mauve-des-terres-dorigine\/","og_locale":"fr_FR","og_type":"article","og_title":"NOUVEAUTE : MA\u00cfS MAUVE DES TERRES D\u2019ORIGINE - Guayapi","og_description":"FARINE SANS GLUTEN \u2013 ALIMENT CRU  (75,45\u20ac\/kg)","og_url":"https:\/\/www.guayapi.com\/boutique\/produit\/mais-mauve-des-terres-dorigine\/","og_site_name":"Guayapi","article_modified_time":"2026-01-02T12:34:51+00:00","og_image":[{"width":319,"height":419,"url":"https:\/\/www.guayapi.com\/boutique\/wp-content\/uploads\/2022\/03\/guayapi-mais-mauve-removebg-preview-e1646411227831.png","type":"image\/png"}],"twitter_card":"summary_large_image","twitter_misc":{"Dur\u00e9e de lecture estim\u00e9e":"2 minutes"},"schema":{"@context":"https:\/\/schema.org","@graph":[{"@type":"WebPage","@id":"https:\/\/www.guayapi.com\/boutique\/produit\/mais-mauve-des-terres-dorigine\/","url":"https:\/\/www.guayapi.com\/boutique\/produit\/mais-mauve-des-terres-dorigine\/","name":"NOUVEAUTE : MA\u00cfS MAUVE DES TERRES D\u2019ORIGINE - Guayapi","isPartOf":{"@id":"https:\/\/www.guayapi.com\/boutique\/#website"},"primaryImageOfPage":{"@id":"https:\/\/www.guayapi.com\/boutique\/produit\/mais-mauve-des-terres-dorigine\/#primaryimage"},"image":{"@id":"https:\/\/www.guayapi.com\/boutique\/produit\/mais-mauve-des-terres-dorigine\/#primaryimage"},"thumbnailUrl":"https:\/\/www.guayapi.com\/boutique\/wp-content\/uploads\/2022\/03\/guayapi-mais-mauve-removebg-preview-e1646411227831.png","datePublished":"2022-03-04T16:34:11+00:00","dateModified":"2026-01-02T12:34:51+00:00","breadcrumb":{"@id":"https:\/\/www.guayapi.com\/boutique\/produit\/mais-mauve-des-terres-dorigine\/#breadcrumb"},"inLanguage":"fr-FR","potentialAction":[{"@type":"ReadAction","target":["https:\/\/www.guayapi.com\/boutique\/produit\/mais-mauve-des-terres-dorigine\/"]}]},{"@type":"ImageObject","inLanguage":"fr-FR","@id":"https:\/\/www.guayapi.com\/boutique\/produit\/mais-mauve-des-terres-dorigine\/#primaryimage","url":"https:\/\/www.guayapi.com\/boutique\/wp-content\/uploads\/2022\/03\/guayapi-mais-mauve-removebg-preview-e1646411227831.png","contentUrl":"https:\/\/www.guayapi.com\/boutique\/wp-content\/uploads\/2022\/03\/guayapi-mais-mauve-removebg-preview-e1646411227831.png","width":319,"height":419},{"@type":"BreadcrumbList","@id":"https:\/\/www.guayapi.com\/boutique\/produit\/mais-mauve-des-terres-dorigine\/#breadcrumb","itemListElement":[{"@type":"ListItem","position":1,"name":"Accueil","item":"https:\/\/www.guayapi.com\/boutique\/"},{"@type":"ListItem","position":2,"name":"Boutique","item":"https:\/\/www.guayapi.com\/boutique\/"},{"@type":"ListItem","position":3,"name":"NOUVEAUTE : MA\u00cfS MAUVE DES TERRES D\u2019ORIGINE"}]},{"@type":"WebSite","@id":"https:\/\/www.guayapi.com\/boutique\/#website","url":"https:\/\/www.guayapi.com\/boutique\/","name":"Guayapi","description":"Super-aliments \u2022 \u00c9picerie fine \u2022 Cosm\u00e9tiques","potentialAction":[{"@type":"SearchAction","target":{"@type":"EntryPoint","urlTemplate":"https:\/\/www.guayapi.com\/boutique\/?s={search_term_string}"},"query-input":{"@type":"PropertyValueSpecification","valueRequired":true,"valueName":"search_term_string"}}],"inLanguage":"fr-FR"}]}},"_links":{"self":[{"href":"https:\/\/www.guayapi.com\/boutique\/wp-json\/wp\/v2\/product\/37357","targetHints":{"allow":["GET"]}}],"collection":[{"href":"https:\/\/www.guayapi.com\/boutique\/wp-json\/wp\/v2\/product"}],"about":[{"href":"https:\/\/www.guayapi.com\/boutique\/wp-json\/wp\/v2\/types\/product"}],"wp:featuredmedia":[{"embeddable":true,"href":"https:\/\/www.guayapi.com\/boutique\/wp-json\/wp\/v2\/media\/37358"}],"wp:attachment":[{"href":"https:\/\/www.guayapi.com\/boutique\/wp-json\/wp\/v2\/media?parent=37357"}],"wp:term":[{"taxonomy":"product_brand","embeddable":true,"href":"https:\/\/www.guayapi.com\/boutique\/wp-json\/wp\/v2\/product_brand?post=37357"},{"taxonomy":"product_cat","embeddable":true,"href":"https:\/\/www.guayapi.com\/boutique\/wp-json\/wp\/v2\/product_cat?post=37357"},{"taxonomy":"product_tag","embeddable":true,"href":"https:\/\/www.guayapi.com\/boutique\/wp-json\/wp\/v2\/product_tag?post=37357"}],"curies":[{"name":"wp","href":"https:\/\/api.w.org\/{rel}","templated":true}]}}